{"id":499001,"date":"2021-03-08T15:45:31","date_gmt":"2021-03-08T21:45:31","guid":{"rendered":"https:\/\/www.diarioimagen.net\/wp-content\/uploads\/2021\/03\/Tribunal2.jpg"},"modified":"2021-03-08T15:45:39","modified_gmt":"2021-03-08T21:45:39","slug":"tribunal2-3","status":"inherit","type":"attachment","link":"https:\/\/www.diarioimagen.net\/?attachment_id=499001","title":{"rendered":"Tribunal2"},"author":1,"featured_media":0,"comment_status":"open","ping_status":"closed","template":"","meta":{"_monsterinsights_skip_tracking":false,"_monsterinsights_sitenote_active":false,"_monsterinsights_sitenote_note":"","_monsterinsights_sitenote_category":0},"class_list":["post-499001","attachment","type-attachment","status-inherit","hentry"],"description":{"rendered":"<p class=\"attachment\"><a href='https:\/\/www.diarioimagen.net\/wp-content\/uploads\/2021\/03\/Tribunal2.jpg'><img loading=\"lazy\" decoding=\"async\" width=\"240\" height=\"141\" src=\"https:\/\/www.diarioimagen.net\/wp-content\/uploads\/2021\/03\/Tribunal2.jpg\" class=\"attachment-medium size-medium\" alt=\"\" \/><\/a><\/p>\n"},"caption":{"rendered":"<p>En el marco de la conmemoraci\u00f3n del D\u00eda Internacional de la Mujer, el presidente del Poder Judicial de la Ciudad de M\u00e9xico (PJCDMX), magistrado Rafael Guerra \u00c1lvarez, subray\u00f3 que el \u00f3rgano judicial capitalino obtuvo la Certificaci\u00f3n NOM 025, que lo reconoce como un espacio de igualdad laboral y no discriminaci\u00f3n, y refrend\u00f3 el compromiso institucional con la lucha de las visionarias que, adelantadas a su tiempo, pugnaron por instituciones incluyentes, oportunidades igualitarias, salarios justos, y libertades, roles y aspiraciones sim\u00e9tricas.<\/p>\n"},"alt_text":"","media_type":"image","mime_type":"image\/jpeg","media_details":{"width":460,"height":270,"file":"2021\/03\/Tribunal2.jpg","sizes":{},"image_meta":{"aperture":"0","credit":"","camera":"","caption":"","created_timestamp":"0","copyright":"","focal_length":"0","iso":"0","shutter_speed":"0","title":"","orientation":"0","keywords":[]}},"post":499000,"source_url":"https:\/\/www.diarioimagen.net\/wp-content\/uploads\/2021\/03\/Tribunal2.jpg","_links":{"self":[{"href":"https:\/\/www.diarioimagen.net\/index.php?rest_route=\/wp\/v2\/media\/499001","targetHints":{"allow":["GET"]}}],"collection":[{"href":"https:\/\/www.diarioimagen.net\/index.php?rest_route=\/wp\/v2\/media"}],"about":[{"href":"https:\/\/www.diarioimagen.net\/index.php?rest_route=\/wp\/v2\/types\/attachment"}],"author":[{"embeddable":true,"href":"https:\/\/www.diarioimagen.net\/index.php?rest_route=\/wp\/v2\/users\/1"}],"replies":[{"embeddable":true,"href":"https:\/\/www.diarioimagen.net\/index.php?rest_route=%2Fwp%2Fv2%2Fcomments&post=499001"}]}}

<p>En el marco de la conmemoración del Día Internacional de la Mujer, el presidente del Poder Judicial de la Ciudad de México (PJCDMX), magistrado Rafael Guerra Álvarez, subrayó que el órgano judicial capitalino obtuvo la Certificación NOM 025, que lo reconoce como un espacio de igualdad laboral y no discriminación, y refrendó el compromiso institucional con la lucha de las visionarias que, adelantadas a su tiempo, pugnaron por instituciones incluyentes, oportunidades igualitarias, salarios justos, y libertades, roles y aspiraciones simétricas.</p>
