{"id":499148,"date":"2021-03-09T06:07:03","date_gmt":"2021-03-09T12:07:03","guid":{"rendered":"https:\/\/www.diarioimagen.net\/wp-content\/uploads\/2021\/03\/DESCENSO-COVID.jpg"},"modified":"2021-03-09T06:07:49","modified_gmt":"2021-03-09T12:07:49","slug":"descenso-covid","status":"inherit","type":"attachment","link":"https:\/\/www.diarioimagen.net\/?attachment_id=499148","title":{"rendered":"DESCENSO-COVID"},"author":1,"featured_media":0,"comment_status":"open","ping_status":"closed","template":"","meta":{"_monsterinsights_skip_tracking":false,"_monsterinsights_sitenote_active":false,"_monsterinsights_sitenote_note":"","_monsterinsights_sitenote_category":0},"class_list":["post-499148","attachment","type-attachment","status-inherit","hentry"],"description":{"rendered":"<p class=\"attachment\"><a href='https:\/\/www.diarioimagen.net\/wp-content\/uploads\/2021\/03\/DESCENSO-COVID.jpg'><img loading=\"lazy\" decoding=\"async\" width=\"240\" height=\"141\" src=\"https:\/\/www.diarioimagen.net\/wp-content\/uploads\/2021\/03\/DESCENSO-COVID.jpg\" class=\"attachment-medium size-medium\" alt=\"\" \/><\/a><\/p>\n"},"caption":{"rendered":"<p>Desde hace casi dos meses, en el pa\u00eds, hay una reducci\u00f3n de casos por Covid, inform\u00f3 la Ssa.<\/p>\n"},"alt_text":"","media_type":"image","mime_type":"image\/jpeg","media_details":{"width":460,"height":270,"file":"2021\/03\/DESCENSO-COVID.jpg","sizes":{},"image_meta":{"aperture":"0","credit":"","camera":"","caption":"","created_timestamp":"0","copyright":"","focal_length":"0","iso":"0","shutter_speed":"0","title":"","orientation":"0","keywords":[]}},"post":499023,"source_url":"https:\/\/www.diarioimagen.net\/wp-content\/uploads\/2021\/03\/DESCENSO-COVID.jpg","_links":{"self":[{"href":"https:\/\/www.diarioimagen.net\/index.php?rest_route=\/wp\/v2\/media\/499148","targetHints":{"allow":["GET"]}}],"collection":[{"href":"https:\/\/www.diarioimagen.net\/index.php?rest_route=\/wp\/v2\/media"}],"about":[{"href":"https:\/\/www.diarioimagen.net\/index.php?rest_route=\/wp\/v2\/types\/attachment"}],"author":[{"embeddable":true,"href":"https:\/\/www.diarioimagen.net\/index.php?rest_route=\/wp\/v2\/users\/1"}],"replies":[{"embeddable":true,"href":"https:\/\/www.diarioimagen.net\/index.php?rest_route=%2Fwp%2Fv2%2Fcomments&post=499148"}]}}

<p>Desde hace casi dos meses, en el país, hay una reducción de casos por Covid, informó la Ssa.</p>
