{"id":501946,"date":"2021-04-02T03:56:46","date_gmt":"2021-04-02T09:56:46","guid":{"rendered":"https:\/\/www.diarioimagen.net\/wp-content\/uploads\/2021\/04\/MarioFotonota.jpg"},"modified":"2021-04-02T03:56:54","modified_gmt":"2021-04-02T09:56:54","slug":"mariofotonota","status":"inherit","type":"attachment","link":"https:\/\/www.diarioimagen.net\/?attachment_id=501946","title":{"rendered":"MarioFotonota"},"author":1,"featured_media":0,"comment_status":"open","ping_status":"closed","template":"","meta":{"_monsterinsights_skip_tracking":false,"_monsterinsights_sitenote_active":false,"_monsterinsights_sitenote_note":"","_monsterinsights_sitenote_category":0},"class_list":["post-501946","attachment","type-attachment","status-inherit","hentry"],"description":{"rendered":"<p class=\"attachment\"><a href='https:\/\/www.diarioimagen.net\/wp-content\/uploads\/2021\/04\/MarioFotonota.jpg'><img loading=\"lazy\" decoding=\"async\" width=\"240\" height=\"141\" src=\"https:\/\/www.diarioimagen.net\/wp-content\/uploads\/2021\/04\/MarioFotonota.jpg\" class=\"attachment-medium size-medium\" alt=\"\" \/><\/a><\/p>\n"},"caption":{"rendered":"<p>Mario Moreno, candidato de la coalici\u00f3n PRI-PRD, agradeci\u00f3 el inter\u00e9s mostrado por los miembros del grupo ACA, invit\u00e1ndolos a que se involucren y participen el d\u00eda de la jornada electoral.<\/p>\n"},"alt_text":"","media_type":"image","mime_type":"image\/jpeg","media_details":{"width":460,"height":270,"file":"2021\/04\/MarioFotonota.jpg","sizes":{},"image_meta":{"aperture":"0","credit":"","camera":"","caption":"","created_timestamp":"0","copyright":"","focal_length":"0","iso":"0","shutter_speed":"0","title":"","orientation":"0","keywords":[]}},"post":501877,"source_url":"https:\/\/www.diarioimagen.net\/wp-content\/uploads\/2021\/04\/MarioFotonota.jpg","_links":{"self":[{"href":"https:\/\/www.diarioimagen.net\/index.php?rest_route=\/wp\/v2\/media\/501946","targetHints":{"allow":["GET"]}}],"collection":[{"href":"https:\/\/www.diarioimagen.net\/index.php?rest_route=\/wp\/v2\/media"}],"about":[{"href":"https:\/\/www.diarioimagen.net\/index.php?rest_route=\/wp\/v2\/types\/attachment"}],"author":[{"embeddable":true,"href":"https:\/\/www.diarioimagen.net\/index.php?rest_route=\/wp\/v2\/users\/1"}],"replies":[{"embeddable":true,"href":"https:\/\/www.diarioimagen.net\/index.php?rest_route=%2Fwp%2Fv2%2Fcomments&post=501946"}]}}

<p>Mario Moreno, candidato de la coalición PRI-PRD, agradeció el interés mostrado por los miembros del grupo ACA, invitándolos a que se involucren y participen el día de la jornada electoral.</p>
