{"id":502573,"date":"2021-04-08T05:06:52","date_gmt":"2021-04-08T10:06:52","guid":{"rendered":"https:\/\/www.diarioimagen.net\/wp-content\/uploads\/2021\/04\/Uaem-4.jpg"},"modified":"2021-04-08T05:07:20","modified_gmt":"2021-04-08T10:07:20","slug":"uaem-172","status":"inherit","type":"attachment","link":"https:\/\/www.diarioimagen.net\/?attachment_id=502573","title":{"rendered":"Uaem"},"author":1,"featured_media":0,"comment_status":"open","ping_status":"closed","template":"","meta":{"_monsterinsights_skip_tracking":false,"_monsterinsights_sitenote_active":false,"_monsterinsights_sitenote_note":"","_monsterinsights_sitenote_category":0},"class_list":["post-502573","attachment","type-attachment","status-inherit","hentry"],"description":{"rendered":"<p class=\"attachment\"><a href='https:\/\/www.diarioimagen.net\/wp-content\/uploads\/2021\/04\/Uaem-4.jpg'><img loading=\"lazy\" decoding=\"async\" width=\"240\" height=\"141\" src=\"https:\/\/www.diarioimagen.net\/wp-content\/uploads\/2021\/04\/Uaem-4.jpg\" class=\"attachment-medium size-medium\" alt=\"\" \/><\/a><\/p>\n"},"caption":{"rendered":"<p>El rector de la UAEM, Alfredo Barrera, reconoci\u00f3 la responsabilidad, calidad y entusiasmo que han demostrado los trabajadores de la UAEM en el \u00faltimo a\u00f1o.<\/p>\n"},"alt_text":"","media_type":"image","mime_type":"image\/jpeg","media_details":{"width":460,"height":270,"file":"2021\/04\/Uaem-4.jpg","sizes":{},"image_meta":{"aperture":"0","credit":"","camera":"","caption":"","created_timestamp":"0","copyright":"","focal_length":"0","iso":"0","shutter_speed":"0","title":"","orientation":"0","keywords":[]}},"post":502473,"source_url":"https:\/\/www.diarioimagen.net\/wp-content\/uploads\/2021\/04\/Uaem-4.jpg","_links":{"self":[{"href":"https:\/\/www.diarioimagen.net\/index.php?rest_route=\/wp\/v2\/media\/502573","targetHints":{"allow":["GET"]}}],"collection":[{"href":"https:\/\/www.diarioimagen.net\/index.php?rest_route=\/wp\/v2\/media"}],"about":[{"href":"https:\/\/www.diarioimagen.net\/index.php?rest_route=\/wp\/v2\/types\/attachment"}],"author":[{"embeddable":true,"href":"https:\/\/www.diarioimagen.net\/index.php?rest_route=\/wp\/v2\/users\/1"}],"replies":[{"embeddable":true,"href":"https:\/\/www.diarioimagen.net\/index.php?rest_route=%2Fwp%2Fv2%2Fcomments&post=502573"}]}}

<p>El rector de la UAEM, Alfredo Barrera, reconoció la responsabilidad, calidad y entusiasmo que han demostrado los trabajadores de la UAEM en el último año.</p>
