{"id":503303,"date":"2021-04-14T17:32:45","date_gmt":"2021-04-14T22:32:45","guid":{"rendered":"https:\/\/www.diarioimagen.net\/wp-content\/uploads\/2021\/04\/tribunal-1.jpg"},"modified":"2021-04-14T17:32:56","modified_gmt":"2021-04-14T22:32:56","slug":"tribunal-112","status":"inherit","type":"attachment","link":"https:\/\/www.diarioimagen.net\/?attachment_id=503303","title":{"rendered":"tribunal"},"author":1,"featured_media":0,"comment_status":"open","ping_status":"closed","template":"","meta":{"_monsterinsights_skip_tracking":false,"_monsterinsights_sitenote_active":false,"_monsterinsights_sitenote_note":"","_monsterinsights_sitenote_category":0},"class_list":["post-503303","attachment","type-attachment","status-inherit","hentry"],"description":{"rendered":"<p class=\"attachment\"><a href='https:\/\/www.diarioimagen.net\/wp-content\/uploads\/2021\/04\/tribunal-1.jpg'><img loading=\"lazy\" decoding=\"async\" width=\"240\" height=\"192\" src=\"https:\/\/www.diarioimagen.net\/wp-content\/uploads\/2021\/04\/tribunal-1.jpg\" class=\"attachment-medium size-medium\" alt=\"\" \/><\/a><\/p>\n"},"caption":{"rendered":"<p>El presidente de la Comisi\u00f3n Nacional de Tribunales Superiores de Justicia de los Estados Unidos Mexicanos y del Poder Judicial de la Ciudad de M\u00e9xico, magistrado Rafael Guerra \u00c1lvarez, particip\u00f3 en el acto virtual\u00a0Retos y avances en la persecuci\u00f3n del delito de trata de personas y en atenci\u00f3n a las v\u00edctimas de este delito.<\/p>\n"},"alt_text":"","media_type":"image","mime_type":"image\/jpeg","media_details":{"width":460,"height":368,"file":"2021\/04\/tribunal-1.jpg","sizes":{},"image_meta":{"aperture":"0","credit":"","camera":"","caption":"","created_timestamp":"0","copyright":"","focal_length":"0","iso":"0","shutter_speed":"0","title":"","orientation":"0","keywords":[]}},"post":503301,"source_url":"https:\/\/www.diarioimagen.net\/wp-content\/uploads\/2021\/04\/tribunal-1.jpg","_links":{"self":[{"href":"https:\/\/www.diarioimagen.net\/index.php?rest_route=\/wp\/v2\/media\/503303","targetHints":{"allow":["GET"]}}],"collection":[{"href":"https:\/\/www.diarioimagen.net\/index.php?rest_route=\/wp\/v2\/media"}],"about":[{"href":"https:\/\/www.diarioimagen.net\/index.php?rest_route=\/wp\/v2\/types\/attachment"}],"author":[{"embeddable":true,"href":"https:\/\/www.diarioimagen.net\/index.php?rest_route=\/wp\/v2\/users\/1"}],"replies":[{"embeddable":true,"href":"https:\/\/www.diarioimagen.net\/index.php?rest_route=%2Fwp%2Fv2%2Fcomments&post=503303"}]}}

<p>El presidente de la Comisión Nacional de Tribunales Superiores de Justicia de los Estados Unidos Mexicanos y del Poder Judicial de la Ciudad de México, magistrado Rafael Guerra Álvarez, participó en el acto virtual Retos y avances en la persecución del delito de trata de personas y en atención a las víctimas de este delito.</p>
