{"id":504812,"date":"2021-04-27T06:00:22","date_gmt":"2021-04-27T11:00:22","guid":{"rendered":"https:\/\/www.diarioimagen.net\/wp-content\/uploads\/2021\/04\/VACUNA-SINOVAC.jpg"},"modified":"2021-04-27T06:00:28","modified_gmt":"2021-04-27T11:00:28","slug":"vacuna-sinovac-2","status":"inherit","type":"attachment","link":"https:\/\/www.diarioimagen.net\/?attachment_id=504812","title":{"rendered":"VACUNA-SINOVAC"},"author":1,"featured_media":0,"comment_status":"open","ping_status":"closed","template":"","meta":{"_monsterinsights_skip_tracking":false,"_monsterinsights_sitenote_active":false,"_monsterinsights_sitenote_note":"","_monsterinsights_sitenote_category":0},"class_list":["post-504812","attachment","type-attachment","status-inherit","hentry"],"description":{"rendered":"<p class=\"attachment\"><a href='https:\/\/www.diarioimagen.net\/wp-content\/uploads\/2021\/04\/VACUNA-SINOVAC.jpg'><img loading=\"lazy\" decoding=\"async\" width=\"240\" height=\"141\" src=\"https:\/\/www.diarioimagen.net\/wp-content\/uploads\/2021\/04\/VACUNA-SINOVAC.jpg\" class=\"attachment-medium size-medium\" alt=\"\" \/><\/a><\/p>\n"},"caption":{"rendered":"<p>Habr\u00e1 demoras en la aplicaci\u00f3n de segundas dosis de la vacuna anti-Covid Sinovac, anunci\u00f3 la Secretar\u00eda de Salud.<\/p>\n"},"alt_text":"","media_type":"image","mime_type":"image\/jpeg","media_details":{"width":460,"height":270,"file":"2021\/04\/VACUNA-SINOVAC.jpg","sizes":{},"image_meta":{"aperture":"0","credit":"","camera":"","caption":"","created_timestamp":"0","copyright":"","focal_length":"0","iso":"0","shutter_speed":"0","title":"","orientation":"0","keywords":[]}},"post":504770,"source_url":"https:\/\/www.diarioimagen.net\/wp-content\/uploads\/2021\/04\/VACUNA-SINOVAC.jpg","_links":{"self":[{"href":"https:\/\/www.diarioimagen.net\/index.php?rest_route=\/wp\/v2\/media\/504812","targetHints":{"allow":["GET"]}}],"collection":[{"href":"https:\/\/www.diarioimagen.net\/index.php?rest_route=\/wp\/v2\/media"}],"about":[{"href":"https:\/\/www.diarioimagen.net\/index.php?rest_route=\/wp\/v2\/types\/attachment"}],"author":[{"embeddable":true,"href":"https:\/\/www.diarioimagen.net\/index.php?rest_route=\/wp\/v2\/users\/1"}],"replies":[{"embeddable":true,"href":"https:\/\/www.diarioimagen.net\/index.php?rest_route=%2Fwp%2Fv2%2Fcomments&post=504812"}]}}

<p>Habrá demoras en la aplicación de segundas dosis de la vacuna anti-Covid Sinovac, anunció la Secretaría de Salud.</p>
