{"id":505491,"date":"2021-05-03T04:55:59","date_gmt":"2021-05-03T09:55:59","guid":{"rendered":"https:\/\/www.diarioimagen.net\/wp-content\/uploads\/2021\/05\/david-parra.jpg"},"modified":"2021-05-03T04:57:05","modified_gmt":"2021-05-03T09:57:05","slug":"david-parra-2","status":"inherit","type":"attachment","link":"https:\/\/www.diarioimagen.net\/?attachment_id=505491","title":{"rendered":"david-parra"},"author":1,"featured_media":0,"comment_status":"open","ping_status":"closed","template":"","meta":{"_monsterinsights_skip_tracking":false,"_monsterinsights_sitenote_active":false,"_monsterinsights_sitenote_note":"","_monsterinsights_sitenote_category":0},"class_list":["post-505491","attachment","type-attachment","status-inherit","hentry"],"description":{"rendered":"<p class=\"attachment\"><a href='https:\/\/www.diarioimagen.net\/wp-content\/uploads\/2021\/05\/david-parra.jpg'><img loading=\"lazy\" decoding=\"async\" width=\"240\" height=\"141\" src=\"https:\/\/www.diarioimagen.net\/wp-content\/uploads\/2021\/05\/david-parra.jpg\" class=\"attachment-medium size-medium\" alt=\"\" \/><\/a><\/p>\n"},"caption":{"rendered":"<p>David Parra S\u00e1nchez, candidato a diputado local por el distrito 32 del Edomex con cabecera en Naucalpan, reiter\u00f3 la trascendente lucha que dar\u00e1n como coalici\u00f3n electoral con el PAN, PRI y PRD.<\/p>\n"},"alt_text":"","media_type":"image","mime_type":"image\/jpeg","media_details":{"width":460,"height":270,"file":"2021\/05\/david-parra.jpg","sizes":{},"image_meta":{"aperture":"0","credit":"","camera":"","caption":"","created_timestamp":"0","copyright":"","focal_length":"0","iso":"0","shutter_speed":"0","title":"","orientation":"0","keywords":[]}},"post":505370,"source_url":"https:\/\/www.diarioimagen.net\/wp-content\/uploads\/2021\/05\/david-parra.jpg","_links":{"self":[{"href":"https:\/\/www.diarioimagen.net\/index.php?rest_route=\/wp\/v2\/media\/505491","targetHints":{"allow":["GET"]}}],"collection":[{"href":"https:\/\/www.diarioimagen.net\/index.php?rest_route=\/wp\/v2\/media"}],"about":[{"href":"https:\/\/www.diarioimagen.net\/index.php?rest_route=\/wp\/v2\/types\/attachment"}],"author":[{"embeddable":true,"href":"https:\/\/www.diarioimagen.net\/index.php?rest_route=\/wp\/v2\/users\/1"}],"replies":[{"embeddable":true,"href":"https:\/\/www.diarioimagen.net\/index.php?rest_route=%2Fwp%2Fv2%2Fcomments&post=505491"}]}}

<p>David Parra Sánchez, candidato a diputado local por el distrito 32 del Edomex con cabecera en Naucalpan, reiteró la trascendente lucha que darán como coalición electoral con el PAN, PRI y PRD.</p>
