{"id":505951,"date":"2021-05-06T01:21:01","date_gmt":"2021-05-06T06:21:01","guid":{"rendered":"https:\/\/www.diarioimagen.net\/wp-content\/uploads\/2021\/05\/Uaem-3.jpg"},"modified":"2021-05-06T01:21:29","modified_gmt":"2021-05-06T06:21:29","slug":"uaem-191","status":"inherit","type":"attachment","link":"https:\/\/www.diarioimagen.net\/?attachment_id=505951","title":{"rendered":"Uaem"},"author":1,"featured_media":0,"comment_status":"open","ping_status":"closed","template":"","meta":{"_monsterinsights_skip_tracking":false,"_monsterinsights_sitenote_active":false,"_monsterinsights_sitenote_note":"","_monsterinsights_sitenote_category":0},"class_list":["post-505951","attachment","type-attachment","status-inherit","hentry"],"description":{"rendered":"<p class=\"attachment\"><a href='https:\/\/www.diarioimagen.net\/wp-content\/uploads\/2021\/05\/Uaem-3.jpg'><img loading=\"lazy\" decoding=\"async\" width=\"240\" height=\"141\" src=\"https:\/\/www.diarioimagen.net\/wp-content\/uploads\/2021\/05\/Uaem-3.jpg\" class=\"attachment-medium size-medium\" alt=\"\" \/><\/a><\/p>\n"},"caption":{"rendered":"<p>Carlos Andr\u00e9s Rodr\u00edguez Villegas, alumno de la Licenciatura en Biolog\u00eda de la Facultad de Ciencias de la UAEM, desarrolla un trabajo de investigaci\u00f3n para conocer el comportamiento del ajolote en un ambiente controlado<\/p>\n"},"alt_text":"","media_type":"image","mime_type":"image\/jpeg","media_details":{"width":460,"height":270,"file":"2021\/05\/Uaem-3.jpg","sizes":{},"image_meta":{"aperture":"0","credit":"","camera":"","caption":"","created_timestamp":"0","copyright":"","focal_length":"0","iso":"0","shutter_speed":"0","title":"","orientation":"0","keywords":[]}},"post":505858,"source_url":"https:\/\/www.diarioimagen.net\/wp-content\/uploads\/2021\/05\/Uaem-3.jpg","_links":{"self":[{"href":"https:\/\/www.diarioimagen.net\/index.php?rest_route=\/wp\/v2\/media\/505951","targetHints":{"allow":["GET"]}}],"collection":[{"href":"https:\/\/www.diarioimagen.net\/index.php?rest_route=\/wp\/v2\/media"}],"about":[{"href":"https:\/\/www.diarioimagen.net\/index.php?rest_route=\/wp\/v2\/types\/attachment"}],"author":[{"embeddable":true,"href":"https:\/\/www.diarioimagen.net\/index.php?rest_route=\/wp\/v2\/users\/1"}],"replies":[{"embeddable":true,"href":"https:\/\/www.diarioimagen.net\/index.php?rest_route=%2Fwp%2Fv2%2Fcomments&post=505951"}]}}

<p>Carlos Andrés Rodríguez Villegas, alumno de la Licenciatura en Biología de la Facultad de Ciencias de la UAEM, desarrolla un trabajo de investigación para conocer el comportamiento del ajolote en un ambiente controlado</p>
