{"id":506125,"date":"2021-05-07T04:29:47","date_gmt":"2021-05-07T09:29:47","guid":{"rendered":"https:\/\/www.diarioimagen.net\/wp-content\/uploads\/2021\/05\/EDOMEX-4.jpg"},"modified":"2021-05-07T04:29:53","modified_gmt":"2021-05-07T09:29:53","slug":"edomex-54","status":"inherit","type":"attachment","link":"https:\/\/www.diarioimagen.net\/?attachment_id=506125","title":{"rendered":"EDOMEX"},"author":1,"featured_media":0,"comment_status":"open","ping_status":"closed","template":"","meta":{"_monsterinsights_skip_tracking":false,"_monsterinsights_sitenote_active":false,"_monsterinsights_sitenote_note":"","_monsterinsights_sitenote_category":0},"class_list":["post-506125","attachment","type-attachment","status-inherit","hentry"],"description":{"rendered":"<p class=\"attachment\"><a href='https:\/\/www.diarioimagen.net\/wp-content\/uploads\/2021\/05\/EDOMEX-4.jpg'><img loading=\"lazy\" decoding=\"async\" width=\"240\" height=\"141\" src=\"https:\/\/www.diarioimagen.net\/wp-content\/uploads\/2021\/05\/EDOMEX-4.jpg\" class=\"attachment-medium size-medium\" alt=\"\" \/><\/a><\/p>\n"},"caption":{"rendered":"<p>Certifican y capacitan a m\u00e1s de 600 locales y negocios con el Protocolo Naranja de atenci\u00f3n para generar espacios seguros donde ni\u00f1as, adolescentes y mujeres pueden solicitar ayuda.<\/p>\n"},"alt_text":"","media_type":"image","mime_type":"image\/jpeg","media_details":{"width":460,"height":270,"file":"2021\/05\/EDOMEX-4.jpg","sizes":{},"image_meta":{"aperture":"0","credit":"","camera":"","caption":"","created_timestamp":"0","copyright":"","focal_length":"0","iso":"0","shutter_speed":"0","title":"","orientation":"0","keywords":[]}},"post":506022,"source_url":"https:\/\/www.diarioimagen.net\/wp-content\/uploads\/2021\/05\/EDOMEX-4.jpg","_links":{"self":[{"href":"https:\/\/www.diarioimagen.net\/index.php?rest_route=\/wp\/v2\/media\/506125","targetHints":{"allow":["GET"]}}],"collection":[{"href":"https:\/\/www.diarioimagen.net\/index.php?rest_route=\/wp\/v2\/media"}],"about":[{"href":"https:\/\/www.diarioimagen.net\/index.php?rest_route=\/wp\/v2\/types\/attachment"}],"author":[{"embeddable":true,"href":"https:\/\/www.diarioimagen.net\/index.php?rest_route=\/wp\/v2\/users\/1"}],"replies":[{"embeddable":true,"href":"https:\/\/www.diarioimagen.net\/index.php?rest_route=%2Fwp%2Fv2%2Fcomments&post=506125"}]}}

<p>Certifican y capacitan a más de 600 locales y negocios con el Protocolo Naranja de atención para generar espacios seguros donde niñas, adolescentes y mujeres pueden solicitar ayuda.</p>
