{"id":506170,"date":"2021-05-07T05:02:14","date_gmt":"2021-05-07T10:02:14","guid":{"rendered":"https:\/\/www.diarioimagen.net\/wp-content\/uploads\/2021\/05\/CAMACHO-7-c.jpg"},"modified":"2021-05-07T05:02:21","modified_gmt":"2021-05-07T10:02:21","slug":"camacho-7-c","status":"inherit","type":"attachment","link":"https:\/\/www.diarioimagen.net\/?attachment_id=506170","title":{"rendered":"CAMACHO-7-c"},"author":1,"featured_media":0,"comment_status":"open","ping_status":"closed","template":"","meta":{"_monsterinsights_skip_tracking":false,"_monsterinsights_sitenote_active":false,"_monsterinsights_sitenote_note":"","_monsterinsights_sitenote_category":0},"class_list":["post-506170","attachment","type-attachment","status-inherit","hentry"],"description":{"rendered":"<p class=\"attachment\"><a href='https:\/\/www.diarioimagen.net\/wp-content\/uploads\/2021\/05\/CAMACHO-7-c.jpg'><img loading=\"lazy\" decoding=\"async\" width=\"240\" height=\"141\" src=\"https:\/\/www.diarioimagen.net\/wp-content\/uploads\/2021\/05\/CAMACHO-7-c.jpg\" class=\"attachment-medium size-medium\" alt=\"\" \/><\/a><\/p>\n"},"caption":{"rendered":"<p>David Parra S\u00e1nchez dej\u00f3 claro el amplio prop\u00f3sito de apoyar desde el Congreso mexiquense a este trascendente sector de la poblaci\u00f3n.<\/p>\n"},"alt_text":"","media_type":"image","mime_type":"image\/jpeg","media_details":{"width":460,"height":270,"file":"2021\/05\/CAMACHO-7-c.jpg","sizes":{},"image_meta":{"aperture":"0","credit":"","camera":"","caption":"","created_timestamp":"0","copyright":"","focal_length":"0","iso":"0","shutter_speed":"0","title":"","orientation":"0","keywords":[]}},"post":506027,"source_url":"https:\/\/www.diarioimagen.net\/wp-content\/uploads\/2021\/05\/CAMACHO-7-c.jpg","_links":{"self":[{"href":"https:\/\/www.diarioimagen.net\/index.php?rest_route=\/wp\/v2\/media\/506170","targetHints":{"allow":["GET"]}}],"collection":[{"href":"https:\/\/www.diarioimagen.net\/index.php?rest_route=\/wp\/v2\/media"}],"about":[{"href":"https:\/\/www.diarioimagen.net\/index.php?rest_route=\/wp\/v2\/types\/attachment"}],"author":[{"embeddable":true,"href":"https:\/\/www.diarioimagen.net\/index.php?rest_route=\/wp\/v2\/users\/1"}],"replies":[{"embeddable":true,"href":"https:\/\/www.diarioimagen.net\/index.php?rest_route=%2Fwp%2Fv2%2Fcomments&post=506170"}]}}

<p>David Parra Sánchez dejó claro el amplio propósito de apoyar desde el Congreso mexiquense a este trascendente sector de la población.</p>
