{"id":506823,"date":"2021-05-13T07:51:06","date_gmt":"2021-05-13T12:51:06","guid":{"rendered":"https:\/\/www.diarioimagen.net\/wp-content\/uploads\/2021\/05\/bandamax.jpg"},"modified":"2021-05-13T07:51:12","modified_gmt":"2021-05-13T12:51:12","slug":"bandamax","status":"inherit","type":"attachment","link":"https:\/\/www.diarioimagen.net\/?attachment_id=506823","title":{"rendered":"bandamax"},"author":1,"featured_media":0,"comment_status":"open","ping_status":"closed","template":"","meta":{"_monsterinsights_skip_tracking":false,"_monsterinsights_sitenote_active":false,"_monsterinsights_sitenote_note":"","_monsterinsights_sitenote_category":0},"class_list":["post-506823","attachment","type-attachment","status-inherit","hentry"],"description":{"rendered":"<p class=\"attachment\"><a href='https:\/\/www.diarioimagen.net\/wp-content\/uploads\/2021\/05\/bandamax.jpg'><img loading=\"lazy\" decoding=\"async\" width=\"177\" height=\"240\" src=\"https:\/\/www.diarioimagen.net\/wp-content\/uploads\/2021\/05\/bandamax.jpg\" class=\"attachment-medium size-medium\" alt=\"\" \/><\/a><\/p>\n"},"caption":{"rendered":"<p>\u201cRegional Clasificado\u201d es un programa conducido por Ingrid Lazper, que contar\u00e1 con la participaci\u00f3n de las estrellas m\u00e1s destacadas del ambiente grupero, donde a trav\u00e9s de una charla franca e \u00edntima, los famosos mostrar\u00e1n aspectos pocos conocidos de su vida y trayectoria profesional.<\/p>\n"},"alt_text":"","media_type":"image","mime_type":"image\/jpeg","media_details":{"width":460,"height":625,"file":"2021\/05\/bandamax.jpg","sizes":{},"image_meta":{"aperture":"0","credit":"","camera":"","caption":"","created_timestamp":"0","copyright":"","focal_length":"0","iso":"0","shutter_speed":"0","title":"","orientation":"0","keywords":[]}},"post":506716,"source_url":"https:\/\/www.diarioimagen.net\/wp-content\/uploads\/2021\/05\/bandamax.jpg","_links":{"self":[{"href":"https:\/\/www.diarioimagen.net\/index.php?rest_route=\/wp\/v2\/media\/506823","targetHints":{"allow":["GET"]}}],"collection":[{"href":"https:\/\/www.diarioimagen.net\/index.php?rest_route=\/wp\/v2\/media"}],"about":[{"href":"https:\/\/www.diarioimagen.net\/index.php?rest_route=\/wp\/v2\/types\/attachment"}],"author":[{"embeddable":true,"href":"https:\/\/www.diarioimagen.net\/index.php?rest_route=\/wp\/v2\/users\/1"}],"replies":[{"embeddable":true,"href":"https:\/\/www.diarioimagen.net\/index.php?rest_route=%2Fwp%2Fv2%2Fcomments&post=506823"}]}}

<p>“Regional Clasificado” es un programa conducido por Ingrid Lazper, que contará con la participación de las estrellas más destacadas del ambiente grupero, donde a través de una charla franca e íntima, los famosos mostrarán aspectos pocos conocidos de su vida y trayectoria profesional.</p>
