{"id":507117,"date":"2021-05-17T04:23:53","date_gmt":"2021-05-17T09:23:53","guid":{"rendered":"https:\/\/www.diarioimagen.net\/wp-content\/uploads\/2021\/05\/rector.jpg"},"modified":"2021-05-17T04:24:09","modified_gmt":"2021-05-17T09:24:09","slug":"rector-17","status":"inherit","type":"attachment","link":"https:\/\/www.diarioimagen.net\/?attachment_id=507117","title":{"rendered":"rector"},"author":1,"featured_media":0,"comment_status":"open","ping_status":"closed","template":"","meta":{"_monsterinsights_skip_tracking":false,"_monsterinsights_sitenote_active":false,"_monsterinsights_sitenote_note":"","_monsterinsights_sitenote_category":0},"class_list":["post-507117","attachment","type-attachment","status-inherit","hentry"],"description":{"rendered":"<p class=\"attachment\"><a href='https:\/\/www.diarioimagen.net\/wp-content\/uploads\/2021\/05\/rector.jpg'><img loading=\"lazy\" decoding=\"async\" width=\"185\" height=\"240\" src=\"https:\/\/www.diarioimagen.net\/wp-content\/uploads\/2021\/05\/rector.jpg\" class=\"attachment-medium size-medium\" alt=\"\" \/><\/a><\/p>\n"},"caption":{"rendered":"<p>El Dr. Carlos Eduardo Barrera D\u00edaz rindi\u00f3 protesta ante el pleno del H. Consejo Universitario como rector de la UAEM. En su primer mensaje convoc\u00f3 a la comunidad universitaria a construir una nueva historia para acreditar el prestigio de la instituci\u00f3n con integridad e inclusi\u00f3n.<\/p>\n"},"alt_text":"","media_type":"image","mime_type":"image\/jpeg","media_details":{"width":460,"height":597,"file":"2021\/05\/rector.jpg","sizes":{},"image_meta":{"aperture":"0","credit":"","camera":"","caption":"","created_timestamp":"0","copyright":"","focal_length":"0","iso":"0","shutter_speed":"0","title":"","orientation":"0","keywords":[]}},"post":507012,"source_url":"https:\/\/www.diarioimagen.net\/wp-content\/uploads\/2021\/05\/rector.jpg","_links":{"self":[{"href":"https:\/\/www.diarioimagen.net\/index.php?rest_route=\/wp\/v2\/media\/507117","targetHints":{"allow":["GET"]}}],"collection":[{"href":"https:\/\/www.diarioimagen.net\/index.php?rest_route=\/wp\/v2\/media"}],"about":[{"href":"https:\/\/www.diarioimagen.net\/index.php?rest_route=\/wp\/v2\/types\/attachment"}],"author":[{"embeddable":true,"href":"https:\/\/www.diarioimagen.net\/index.php?rest_route=\/wp\/v2\/users\/1"}],"replies":[{"embeddable":true,"href":"https:\/\/www.diarioimagen.net\/index.php?rest_route=%2Fwp%2Fv2%2Fcomments&post=507117"}]}}

<p>El Dr. Carlos Eduardo Barrera Díaz rindió protesta ante el pleno del H. Consejo Universitario como rector de la UAEM. En su primer mensaje convocó a la comunidad universitaria a construir una nueva historia para acreditar el prestigio de la institución con integridad e inclusión.</p>
