{"id":507189,"date":"2021-05-17T06:12:43","date_gmt":"2021-05-17T11:12:43","guid":{"rendered":"https:\/\/www.diarioimagen.net\/wp-content\/uploads\/2021\/05\/tultitlan-4.jpg"},"modified":"2021-05-17T06:12:58","modified_gmt":"2021-05-17T11:12:58","slug":"tultitlan-81","status":"inherit","type":"attachment","link":"https:\/\/www.diarioimagen.net\/?attachment_id=507189","title":{"rendered":"tultitlan"},"author":1,"featured_media":0,"comment_status":"open","ping_status":"closed","template":"","meta":{"_monsterinsights_skip_tracking":false,"_monsterinsights_sitenote_active":false,"_monsterinsights_sitenote_note":"","_monsterinsights_sitenote_category":0},"class_list":["post-507189","attachment","type-attachment","status-inherit","hentry"],"description":{"rendered":"<p class=\"attachment\"><a href='https:\/\/www.diarioimagen.net\/wp-content\/uploads\/2021\/05\/tultitlan-4.jpg'><img loading=\"lazy\" decoding=\"async\" width=\"240\" height=\"141\" src=\"https:\/\/www.diarioimagen.net\/wp-content\/uploads\/2021\/05\/tultitlan-4.jpg\" class=\"attachment-medium size-medium\" alt=\"\" \/><\/a><\/p>\n"},"caption":{"rendered":"<p>El abanderado del PRI, Ad\u00e1n Barr\u00f3n Elizalde, escucha cuidadosamente las peticiones e inquietudes de la ciudadan\u00eda y da a conocer sus propuestas.<\/p>\n"},"alt_text":"","media_type":"image","mime_type":"image\/jpeg","media_details":{"width":460,"height":270,"file":"2021\/05\/tultitlan-4.jpg","sizes":{},"image_meta":{"aperture":"0","credit":"","camera":"","caption":"","created_timestamp":"0","copyright":"","focal_length":"0","iso":"0","shutter_speed":"0","title":"","orientation":"0","keywords":[]}},"post":507032,"source_url":"https:\/\/www.diarioimagen.net\/wp-content\/uploads\/2021\/05\/tultitlan-4.jpg","_links":{"self":[{"href":"https:\/\/www.diarioimagen.net\/index.php?rest_route=\/wp\/v2\/media\/507189","targetHints":{"allow":["GET"]}}],"collection":[{"href":"https:\/\/www.diarioimagen.net\/index.php?rest_route=\/wp\/v2\/media"}],"about":[{"href":"https:\/\/www.diarioimagen.net\/index.php?rest_route=\/wp\/v2\/types\/attachment"}],"author":[{"embeddable":true,"href":"https:\/\/www.diarioimagen.net\/index.php?rest_route=\/wp\/v2\/users\/1"}],"replies":[{"embeddable":true,"href":"https:\/\/www.diarioimagen.net\/index.php?rest_route=%2Fwp%2Fv2%2Fcomments&post=507189"}]}}

<p>El abanderado del PRI, Adán Barrón Elizalde, escucha cuidadosamente las peticiones e inquietudes de la ciudadanía y da a conocer sus propuestas.</p>
