{"id":508009,"date":"2021-05-24T05:54:17","date_gmt":"2021-05-24T10:54:17","guid":{"rendered":"https:\/\/www.diarioimagen.net\/wp-content\/uploads\/2021\/05\/huixquilucan-10.jpg"},"modified":"2021-05-24T05:54:27","modified_gmt":"2021-05-24T10:54:27","slug":"huixquilucan-160","status":"inherit","type":"attachment","link":"https:\/\/www.diarioimagen.net\/?attachment_id=508009","title":{"rendered":"huixquilucan"},"author":1,"featured_media":0,"comment_status":"open","ping_status":"closed","template":"","meta":{"_monsterinsights_skip_tracking":false,"_monsterinsights_sitenote_active":false,"_monsterinsights_sitenote_note":"","_monsterinsights_sitenote_category":0},"class_list":["post-508009","attachment","type-attachment","status-inherit","hentry"],"description":{"rendered":"<p class=\"attachment\"><a href='https:\/\/www.diarioimagen.net\/wp-content\/uploads\/2021\/05\/huixquilucan-10.jpg'><img loading=\"lazy\" decoding=\"async\" width=\"240\" height=\"141\" src=\"https:\/\/www.diarioimagen.net\/wp-content\/uploads\/2021\/05\/huixquilucan-10.jpg\" class=\"attachment-medium size-medium\" alt=\"\" \/><\/a><\/p>\n"},"caption":{"rendered":"<p>La candidata del PAN a la presidencia municipal, Romina Contreras Carrasco, afirm\u00f3 que su proyecto est\u00e1 abierto para todas las personas, independientemente de su afinidad pol\u00edtica.<\/p>\n"},"alt_text":"","media_type":"image","mime_type":"image\/jpeg","media_details":{"width":460,"height":270,"file":"2021\/05\/huixquilucan-10.jpg","sizes":{},"image_meta":{"aperture":"0","credit":"","camera":"","caption":"","created_timestamp":"0","copyright":"","focal_length":"0","iso":"0","shutter_speed":"0","title":"","orientation":"0","keywords":[]}},"post":507889,"source_url":"https:\/\/www.diarioimagen.net\/wp-content\/uploads\/2021\/05\/huixquilucan-10.jpg","_links":{"self":[{"href":"https:\/\/www.diarioimagen.net\/index.php?rest_route=\/wp\/v2\/media\/508009","targetHints":{"allow":["GET"]}}],"collection":[{"href":"https:\/\/www.diarioimagen.net\/index.php?rest_route=\/wp\/v2\/media"}],"about":[{"href":"https:\/\/www.diarioimagen.net\/index.php?rest_route=\/wp\/v2\/types\/attachment"}],"author":[{"embeddable":true,"href":"https:\/\/www.diarioimagen.net\/index.php?rest_route=\/wp\/v2\/users\/1"}],"replies":[{"embeddable":true,"href":"https:\/\/www.diarioimagen.net\/index.php?rest_route=%2Fwp%2Fv2%2Fcomments&post=508009"}]}}

<p>La candidata del PAN a la presidencia municipal, Romina Contreras Carrasco, afirmó que su proyecto está abierto para todas las personas, independientemente de su afinidad política.</p>
