{"id":509168,"date":"2021-06-02T05:25:15","date_gmt":"2021-06-02T10:25:15","guid":{"rendered":"https:\/\/www.diarioimagen.net\/wp-content\/uploads\/2021\/06\/huixquilucan-1.jpg"},"modified":"2021-06-02T05:25:24","modified_gmt":"2021-06-02T10:25:24","slug":"huixquilucan-166","status":"inherit","type":"attachment","link":"https:\/\/www.diarioimagen.net\/?attachment_id=509168","title":{"rendered":"huixquilucan"},"author":1,"featured_media":0,"comment_status":"open","ping_status":"closed","template":"","meta":{"_monsterinsights_skip_tracking":false,"_monsterinsights_sitenote_active":false,"_monsterinsights_sitenote_note":"","_monsterinsights_sitenote_category":0},"class_list":["post-509168","attachment","type-attachment","status-inherit","hentry"],"description":{"rendered":"<p class=\"attachment\"><a href='https:\/\/www.diarioimagen.net\/wp-content\/uploads\/2021\/06\/huixquilucan-1.jpg'><img loading=\"lazy\" decoding=\"async\" width=\"240\" height=\"141\" src=\"https:\/\/www.diarioimagen.net\/wp-content\/uploads\/2021\/06\/huixquilucan-1.jpg\" class=\"attachment-medium size-medium\" alt=\"\" \/><\/a><\/p>\n"},"caption":{"rendered":"<p>La candidata Romina Contreras afirm\u00f3 que Huixquilucan seguir\u00e1 avanzando y creciendo, pues de la mano con la ciudadan\u00eda, se trabajar\u00e1 para que siga siendo el mejor evaluado del Edomex.<\/p>\n"},"alt_text":"","media_type":"image","mime_type":"image\/jpeg","media_details":{"width":460,"height":270,"file":"2021\/06\/huixquilucan-1.jpg","sizes":{},"image_meta":{"aperture":"0","credit":"","camera":"","caption":"","created_timestamp":"0","copyright":"","focal_length":"0","iso":"0","shutter_speed":"0","title":"","orientation":"0","keywords":[]}},"post":509060,"source_url":"https:\/\/www.diarioimagen.net\/wp-content\/uploads\/2021\/06\/huixquilucan-1.jpg","_links":{"self":[{"href":"https:\/\/www.diarioimagen.net\/index.php?rest_route=\/wp\/v2\/media\/509168","targetHints":{"allow":["GET"]}}],"collection":[{"href":"https:\/\/www.diarioimagen.net\/index.php?rest_route=\/wp\/v2\/media"}],"about":[{"href":"https:\/\/www.diarioimagen.net\/index.php?rest_route=\/wp\/v2\/types\/attachment"}],"author":[{"embeddable":true,"href":"https:\/\/www.diarioimagen.net\/index.php?rest_route=\/wp\/v2\/users\/1"}],"replies":[{"embeddable":true,"href":"https:\/\/www.diarioimagen.net\/index.php?rest_route=%2Fwp%2Fv2%2Fcomments&post=509168"}]}}

<p>La candidata Romina Contreras afirmó que Huixquilucan seguirá avanzando y creciendo, pues de la mano con la ciudadanía, se trabajará para que siga siendo el mejor evaluado del Edomex.</p>
