{"id":509488,"date":"2021-06-04T06:56:46","date_gmt":"2021-06-04T11:56:46","guid":{"rendered":"https:\/\/www.diarioimagen.net\/wp-content\/uploads\/2021\/06\/CLASES-PRESENCIALES.jpg"},"modified":"2021-06-04T06:56:54","modified_gmt":"2021-06-04T11:56:54","slug":"clases-presenciales-3","status":"inherit","type":"attachment","link":"https:\/\/www.diarioimagen.net\/?attachment_id=509488","title":{"rendered":"CLASES-PRESENCIALES"},"author":1,"featured_media":0,"comment_status":"open","ping_status":"closed","template":"","meta":{"_monsterinsights_skip_tracking":false,"_monsterinsights_sitenote_active":false,"_monsterinsights_sitenote_note":"","_monsterinsights_sitenote_category":0},"class_list":["post-509488","attachment","type-attachment","status-inherit","hentry"],"description":{"rendered":"<p class=\"attachment\"><a href='https:\/\/www.diarioimagen.net\/wp-content\/uploads\/2021\/06\/CLASES-PRESENCIALES.jpg'><img loading=\"lazy\" decoding=\"async\" width=\"240\" height=\"141\" src=\"https:\/\/www.diarioimagen.net\/wp-content\/uploads\/2021\/06\/CLASES-PRESENCIALES.jpg\" class=\"attachment-medium size-medium\" alt=\"\" \/><\/a><\/p>\n"},"caption":{"rendered":"<p>La Secretar\u00eda de Educaci\u00f3n P\u00fablica rechaz\u00f3 que alguna autoridad local y federal imponga el regreso a clases presenciales para este 7 de junio.<\/p>\n"},"alt_text":"","media_type":"image","mime_type":"image\/jpeg","media_details":{"width":460,"height":270,"file":"2021\/06\/CLASES-PRESENCIALES.jpg","sizes":{},"image_meta":{"aperture":"0","credit":"","camera":"","caption":"","created_timestamp":"0","copyright":"","focal_length":"0","iso":"0","shutter_speed":"0","title":"","orientation":"0","keywords":[]}},"post":509384,"source_url":"https:\/\/www.diarioimagen.net\/wp-content\/uploads\/2021\/06\/CLASES-PRESENCIALES.jpg","_links":{"self":[{"href":"https:\/\/www.diarioimagen.net\/index.php?rest_route=\/wp\/v2\/media\/509488","targetHints":{"allow":["GET"]}}],"collection":[{"href":"https:\/\/www.diarioimagen.net\/index.php?rest_route=\/wp\/v2\/media"}],"about":[{"href":"https:\/\/www.diarioimagen.net\/index.php?rest_route=\/wp\/v2\/types\/attachment"}],"author":[{"embeddable":true,"href":"https:\/\/www.diarioimagen.net\/index.php?rest_route=\/wp\/v2\/users\/1"}],"replies":[{"embeddable":true,"href":"https:\/\/www.diarioimagen.net\/index.php?rest_route=%2Fwp%2Fv2%2Fcomments&post=509488"}]}}

<p>La Secretaría de Educación Pública rechazó que alguna autoridad local y federal imponga el regreso a clases presenciales para este 7 de junio.</p>
