{"id":509949,"date":"2021-06-09T05:08:11","date_gmt":"2021-06-09T10:08:11","guid":{"rendered":"https:\/\/www.diarioimagen.net\/wp-content\/uploads\/2021\/06\/Contingencia.jpg"},"modified":"2021-06-09T05:08:21","modified_gmt":"2021-06-09T10:08:21","slug":"contingencia-2","status":"inherit","type":"attachment","link":"https:\/\/www.diarioimagen.net\/?attachment_id=509949","title":{"rendered":"Contingencia"},"author":1,"featured_media":0,"comment_status":"open","ping_status":"closed","template":"","meta":{"_monsterinsights_skip_tracking":false,"_monsterinsights_sitenote_active":false,"_monsterinsights_sitenote_note":"","_monsterinsights_sitenote_category":0},"class_list":["post-509949","attachment","type-attachment","status-inherit","hentry"],"description":{"rendered":"<p class=\"attachment\"><a href='https:\/\/www.diarioimagen.net\/wp-content\/uploads\/2021\/06\/Contingencia.jpg'><img loading=\"lazy\" decoding=\"async\" width=\"240\" height=\"141\" src=\"https:\/\/www.diarioimagen.net\/wp-content\/uploads\/2021\/06\/Contingencia.jpg\" class=\"attachment-medium size-medium\" alt=\"\" \/><\/a><\/p>\n"},"caption":{"rendered":"<p>La CAMe llama a la poblaci\u00f3n a coadyuvar con la reducci\u00f3n de emisiones contaminantes a la atm\u00f3sfera.<\/p>\n"},"alt_text":"","media_type":"image","mime_type":"image\/jpeg","media_details":{"width":460,"height":270,"file":"2021\/06\/Contingencia.jpg","sizes":{},"image_meta":{"aperture":"0","credit":"","camera":"","caption":"","created_timestamp":"0","copyright":"","focal_length":"0","iso":"0","shutter_speed":"0","title":"","orientation":"0","keywords":[]}},"post":509861,"source_url":"https:\/\/www.diarioimagen.net\/wp-content\/uploads\/2021\/06\/Contingencia.jpg","_links":{"self":[{"href":"https:\/\/www.diarioimagen.net\/index.php?rest_route=\/wp\/v2\/media\/509949","targetHints":{"allow":["GET"]}}],"collection":[{"href":"https:\/\/www.diarioimagen.net\/index.php?rest_route=\/wp\/v2\/media"}],"about":[{"href":"https:\/\/www.diarioimagen.net\/index.php?rest_route=\/wp\/v2\/types\/attachment"}],"author":[{"embeddable":true,"href":"https:\/\/www.diarioimagen.net\/index.php?rest_route=\/wp\/v2\/users\/1"}],"replies":[{"embeddable":true,"href":"https:\/\/www.diarioimagen.net\/index.php?rest_route=%2Fwp%2Fv2%2Fcomments&post=509949"}]}}

<p>La CAMe llama a la población a coadyuvar con la reducción de emisiones contaminantes a la atmósfera.</p>
