{"id":510125,"date":"2021-06-10T03:41:19","date_gmt":"2021-06-10T08:41:19","guid":{"rendered":"https:\/\/www.diarioimagen.net\/wp-content\/uploads\/2021\/06\/EDOMEX1-2.jpg"},"modified":"2021-06-10T03:41:42","modified_gmt":"2021-06-10T08:41:42","slug":"edomex1-18","status":"inherit","type":"attachment","link":"https:\/\/www.diarioimagen.net\/?attachment_id=510125","title":{"rendered":"EDOMEX1"},"author":1,"featured_media":0,"comment_status":"open","ping_status":"closed","template":"","meta":{"_monsterinsights_skip_tracking":false,"_monsterinsights_sitenote_active":false,"_monsterinsights_sitenote_note":"","_monsterinsights_sitenote_category":0},"class_list":["post-510125","attachment","type-attachment","status-inherit","hentry"],"description":{"rendered":"<p class=\"attachment\"><a href='https:\/\/www.diarioimagen.net\/wp-content\/uploads\/2021\/06\/EDOMEX1-2.jpg'><img loading=\"lazy\" decoding=\"async\" width=\"240\" height=\"141\" src=\"https:\/\/www.diarioimagen.net\/wp-content\/uploads\/2021\/06\/EDOMEX1-2.jpg\" class=\"attachment-medium size-medium\" alt=\"\" \/><\/a><\/p>\n"},"caption":{"rendered":"<p>Atiende Fundaci\u00f3n para la Asistencia Educativa a m\u00e1s de 70 ni\u00f1as, ni\u00f1os y adolescentes, con clases presenciales y asesor\u00eda para que no pierdan el a\u00f1o escolar.<\/p>\n"},"alt_text":"","media_type":"image","mime_type":"image\/jpeg","media_details":{"width":460,"height":270,"file":"2021\/06\/EDOMEX1-2.jpg","sizes":{},"image_meta":{"aperture":"0","credit":"","camera":"","caption":"","created_timestamp":"0","copyright":"","focal_length":"0","iso":"0","shutter_speed":"0","title":"","orientation":"0","keywords":[]}},"post":510029,"source_url":"https:\/\/www.diarioimagen.net\/wp-content\/uploads\/2021\/06\/EDOMEX1-2.jpg","_links":{"self":[{"href":"https:\/\/www.diarioimagen.net\/index.php?rest_route=\/wp\/v2\/media\/510125","targetHints":{"allow":["GET"]}}],"collection":[{"href":"https:\/\/www.diarioimagen.net\/index.php?rest_route=\/wp\/v2\/media"}],"about":[{"href":"https:\/\/www.diarioimagen.net\/index.php?rest_route=\/wp\/v2\/types\/attachment"}],"author":[{"embeddable":true,"href":"https:\/\/www.diarioimagen.net\/index.php?rest_route=\/wp\/v2\/users\/1"}],"replies":[{"embeddable":true,"href":"https:\/\/www.diarioimagen.net\/index.php?rest_route=%2Fwp%2Fv2%2Fcomments&post=510125"}]}}

<p>Atiende Fundación para la Asistencia Educativa a más de 70 niñas, niños y adolescentes, con clases presenciales y asesoría para que no pierdan el año escolar.</p>
