{"id":510291,"date":"2021-06-11T06:17:48","date_gmt":"2021-06-11T11:17:48","guid":{"rendered":"https:\/\/www.diarioimagen.net\/wp-content\/uploads\/2021\/06\/CONTAGIO-CLASE.jpg"},"modified":"2021-06-11T06:19:03","modified_gmt":"2021-06-11T11:19:03","slug":"contagio-clase","status":"inherit","type":"attachment","link":"https:\/\/www.diarioimagen.net\/?attachment_id=510291","title":{"rendered":"CONTAGIO-CLASE"},"author":1,"featured_media":0,"comment_status":"open","ping_status":"closed","template":"","meta":{"_monsterinsights_skip_tracking":false,"_monsterinsights_sitenote_active":false,"_monsterinsights_sitenote_note":"","_monsterinsights_sitenote_category":0},"class_list":["post-510291","attachment","type-attachment","status-inherit","hentry"],"description":{"rendered":"<p class=\"attachment\"><a href='https:\/\/www.diarioimagen.net\/wp-content\/uploads\/2021\/06\/CONTAGIO-CLASE.jpg'><img loading=\"lazy\" decoding=\"async\" width=\"240\" height=\"141\" src=\"https:\/\/www.diarioimagen.net\/wp-content\/uploads\/2021\/06\/CONTAGIO-CLASE.jpg\" class=\"attachment-medium size-medium\" alt=\"\" \/><\/a><\/p>\n"},"caption":{"rendered":"<p>La Secretar\u00eda de Educaci\u00f3n confirm\u00f3 el primer caso positivo por Covid-19 de un alumno de una secundaria t\u00e9cnica de Tl\u00e1huac.<\/p>\n"},"alt_text":"","media_type":"image","mime_type":"image\/jpeg","media_details":{"width":460,"height":270,"file":"2021\/06\/CONTAGIO-CLASE.jpg","sizes":{},"image_meta":{"aperture":"0","credit":"","camera":"","caption":"","created_timestamp":"0","copyright":"","focal_length":"0","iso":"0","shutter_speed":"0","title":"","orientation":"0","keywords":[]}},"post":510194,"source_url":"https:\/\/www.diarioimagen.net\/wp-content\/uploads\/2021\/06\/CONTAGIO-CLASE.jpg","_links":{"self":[{"href":"https:\/\/www.diarioimagen.net\/index.php?rest_route=\/wp\/v2\/media\/510291","targetHints":{"allow":["GET"]}}],"collection":[{"href":"https:\/\/www.diarioimagen.net\/index.php?rest_route=\/wp\/v2\/media"}],"about":[{"href":"https:\/\/www.diarioimagen.net\/index.php?rest_route=\/wp\/v2\/types\/attachment"}],"author":[{"embeddable":true,"href":"https:\/\/www.diarioimagen.net\/index.php?rest_route=\/wp\/v2\/users\/1"}],"replies":[{"embeddable":true,"href":"https:\/\/www.diarioimagen.net\/index.php?rest_route=%2Fwp%2Fv2%2Fcomments&post=510291"}]}}

<p>La Secretaría de Educación confirmó el primer caso positivo por Covid-19 de un alumno de una secundaria técnica de Tláhuac.</p>
