{"id":510443,"date":"2021-06-14T05:27:05","date_gmt":"2021-06-14T10:27:05","guid":{"rendered":"https:\/\/www.diarioimagen.net\/wp-content\/uploads\/2021\/06\/Uaem-3.jpg"},"modified":"2021-06-14T05:27:11","modified_gmt":"2021-06-14T10:27:11","slug":"uaem-212","status":"inherit","type":"attachment","link":"https:\/\/www.diarioimagen.net\/?attachment_id=510443","title":{"rendered":"Uaem"},"author":1,"featured_media":0,"comment_status":"open","ping_status":"closed","template":"","meta":{"_monsterinsights_skip_tracking":false,"_monsterinsights_sitenote_active":false,"_monsterinsights_sitenote_note":"","_monsterinsights_sitenote_category":0},"class_list":["post-510443","attachment","type-attachment","status-inherit","hentry"],"description":{"rendered":"<p class=\"attachment\"><a href='https:\/\/www.diarioimagen.net\/wp-content\/uploads\/2021\/06\/Uaem-3.jpg'><img loading=\"lazy\" decoding=\"async\" width=\"240\" height=\"141\" src=\"https:\/\/www.diarioimagen.net\/wp-content\/uploads\/2021\/06\/Uaem-3.jpg\" class=\"attachment-medium size-medium\" alt=\"\" \/><\/a><\/p>\n"},"caption":{"rendered":"<p>Alejandro Guti\u00e9rrez Cede\u00f1o, coordinador del Centro de Estudios y Servicios Psicol\u00f3gicos Integrales de la Facultad de Ciencias de la Conducta de la UAEM, manifest\u00f3 que la ansiedad fue una de las emociones que m\u00e1s se registr\u00f3 en los estudiantes, sobre todo en aquellos de nuevo ingreso, que por cuestiones de la contingencia sanitaria no pudieron conocer f\u00edsicamente a sus compa\u00f1eros de grupo.<\/p>\n"},"alt_text":"","media_type":"image","mime_type":"image\/jpeg","media_details":{"width":460,"height":270,"file":"2021\/06\/Uaem-3.jpg","sizes":{},"image_meta":{"aperture":"0","credit":"","camera":"","caption":"","created_timestamp":"0","copyright":"","focal_length":"0","iso":"0","shutter_speed":"0","title":"","orientation":"0","keywords":[]}},"post":510357,"source_url":"https:\/\/www.diarioimagen.net\/wp-content\/uploads\/2021\/06\/Uaem-3.jpg","_links":{"self":[{"href":"https:\/\/www.diarioimagen.net\/index.php?rest_route=\/wp\/v2\/media\/510443","targetHints":{"allow":["GET"]}}],"collection":[{"href":"https:\/\/www.diarioimagen.net\/index.php?rest_route=\/wp\/v2\/media"}],"about":[{"href":"https:\/\/www.diarioimagen.net\/index.php?rest_route=\/wp\/v2\/types\/attachment"}],"author":[{"embeddable":true,"href":"https:\/\/www.diarioimagen.net\/index.php?rest_route=\/wp\/v2\/users\/1"}],"replies":[{"embeddable":true,"href":"https:\/\/www.diarioimagen.net\/index.php?rest_route=%2Fwp%2Fv2%2Fcomments&post=510443"}]}}

<p>Alejandro Gutiérrez Cedeño, coordinador del Centro de Estudios y Servicios Psicológicos Integrales de la Facultad de Ciencias de la Conducta de la UAEM, manifestó que la ansiedad fue una de las emociones que más se registró en los estudiantes, sobre todo en aquellos de nuevo ingreso, que por cuestiones de la contingencia sanitaria no pudieron conocer físicamente a sus compañeros de grupo.</p>
