{"id":512431,"date":"2021-07-01T05:06:40","date_gmt":"2021-07-01T10:06:40","guid":{"rendered":"https:\/\/www.diarioimagen.net\/wp-content\/uploads\/2021\/07\/uaem.jpg"},"modified":"2021-07-01T05:06:49","modified_gmt":"2021-07-01T10:06:49","slug":"uaem-223","status":"inherit","type":"attachment","link":"https:\/\/www.diarioimagen.net\/?attachment_id=512431","title":{"rendered":"uaem"},"author":1,"featured_media":0,"comment_status":"open","ping_status":"closed","template":"","meta":{"_monsterinsights_skip_tracking":false,"_monsterinsights_sitenote_active":false,"_monsterinsights_sitenote_note":"","_monsterinsights_sitenote_category":0},"class_list":["post-512431","attachment","type-attachment","status-inherit","hentry"],"description":{"rendered":"<p class=\"attachment\"><a href='https:\/\/www.diarioimagen.net\/wp-content\/uploads\/2021\/07\/uaem.jpg'><img loading=\"lazy\" decoding=\"async\" width=\"240\" height=\"141\" src=\"https:\/\/www.diarioimagen.net\/wp-content\/uploads\/2021\/07\/uaem.jpg\" class=\"attachment-medium size-medium\" alt=\"\" \/><\/a><\/p>\n"},"caption":{"rendered":"<p>El rector de la UAEM, Carlos Eduardo Barrera D\u00edaz, encabez\u00f3 la reuni\u00f3n ejecutiva con las IES del Estado de M\u00e9xico del Consejo Regional Centro-Sur de la Asociaci\u00f3n Nacional de Universidades e Instituciones de Educaci\u00f3n Superior (ANUIES).<\/p>\n"},"alt_text":"","media_type":"image","mime_type":"image\/jpeg","media_details":{"width":460,"height":270,"file":"2021\/07\/uaem.jpg","sizes":{},"image_meta":{"aperture":"0","credit":"","camera":"","caption":"","created_timestamp":"0","copyright":"","focal_length":"0","iso":"0","shutter_speed":"0","title":"","orientation":"0","keywords":[]}},"post":512341,"source_url":"https:\/\/www.diarioimagen.net\/wp-content\/uploads\/2021\/07\/uaem.jpg","_links":{"self":[{"href":"https:\/\/www.diarioimagen.net\/index.php?rest_route=\/wp\/v2\/media\/512431","targetHints":{"allow":["GET"]}}],"collection":[{"href":"https:\/\/www.diarioimagen.net\/index.php?rest_route=\/wp\/v2\/media"}],"about":[{"href":"https:\/\/www.diarioimagen.net\/index.php?rest_route=\/wp\/v2\/types\/attachment"}],"author":[{"embeddable":true,"href":"https:\/\/www.diarioimagen.net\/index.php?rest_route=\/wp\/v2\/users\/1"}],"replies":[{"embeddable":true,"href":"https:\/\/www.diarioimagen.net\/index.php?rest_route=%2Fwp%2Fv2%2Fcomments&post=512431"}]}}

<p>El rector de la UAEM, Carlos Eduardo Barrera Díaz, encabezó la reunión ejecutiva con las IES del Estado de México del Consejo Regional Centro-Sur de la Asociación Nacional de Universidades e Instituciones de Educación Superior (ANUIES).</p>
