{"id":513578,"date":"2021-07-12T05:27:36","date_gmt":"2021-07-12T10:27:36","guid":{"rendered":"https:\/\/www.diarioimagen.net\/wp-content\/uploads\/2021\/07\/CUBA-VACUNA.jpg"},"modified":"2021-07-12T05:27:52","modified_gmt":"2021-07-12T10:27:52","slug":"cuba-vacuna-2","status":"inherit","type":"attachment","link":"https:\/\/www.diarioimagen.net\/?attachment_id=513578","title":{"rendered":"CUBA-VACUNA"},"author":1,"featured_media":0,"comment_status":"open","ping_status":"closed","template":"","meta":{"_monsterinsights_skip_tracking":false},"class_list":["post-513578","attachment","type-attachment","status-inherit","hentry"],"description":{"rendered":"<p class=\"attachment\"><a href='https:\/\/www.diarioimagen.net\/wp-content\/uploads\/2021\/07\/CUBA-VACUNA.jpg'><img loading=\"lazy\" decoding=\"async\" width=\"240\" height=\"141\" src=\"https:\/\/www.diarioimagen.net\/wp-content\/uploads\/2021\/07\/CUBA-VACUNA.jpg\" class=\"attachment-medium size-medium\" alt=\"\" \/><\/a><\/p>\n"},"caption":{"rendered":"<p>La vacuna Abdala es la primera vacuna desarrollada en Latinoam\u00e9rica que recibe la autorizaci\u00f3n de uso de emergencia, la cual comenzar\u00e1 a aplicarse regularmente en la isla.<\/p>\n"},"alt_text":"","media_type":"image","mime_type":"image\/jpeg","media_details":{"width":460,"height":270,"file":"2021\/07\/CUBA-VACUNA.jpg","sizes":{},"image_meta":{"aperture":"0","credit":"","camera":"","caption":"","created_timestamp":"0","copyright":"","focal_length":"0","iso":"0","shutter_speed":"0","title":"","orientation":"0","keywords":[]}},"post":513505,"source_url":"https:\/\/www.diarioimagen.net\/wp-content\/uploads\/2021\/07\/CUBA-VACUNA.jpg","_links":{"self":[{"href":"https:\/\/www.diarioimagen.net\/index.php?rest_route=\/wp\/v2\/media\/513578","targetHints":{"allow":["GET"]}}],"collection":[{"href":"https:\/\/www.diarioimagen.net\/index.php?rest_route=\/wp\/v2\/media"}],"about":[{"href":"https:\/\/www.diarioimagen.net\/index.php?rest_route=\/wp\/v2\/types\/attachment"}],"author":[{"embeddable":true,"href":"https:\/\/www.diarioimagen.net\/index.php?rest_route=\/wp\/v2\/users\/1"}],"replies":[{"embeddable":true,"href":"https:\/\/www.diarioimagen.net\/index.php?rest_route=%2Fwp%2Fv2%2Fcomments&post=513578"}]}}

<p>La vacuna Abdala es la primera vacuna desarrollada en Latinoamérica que recibe la autorización de uso de emergencia, la cual comenzará a aplicarse regularmente en la isla.</p>
