{"id":513742,"date":"2021-07-13T06:31:31","date_gmt":"2021-07-13T11:31:31","guid":{"rendered":"https:\/\/www.diarioimagen.net\/wp-content\/uploads\/2021\/07\/mariana-ochoa.jpg"},"modified":"2021-07-13T06:31:37","modified_gmt":"2021-07-13T11:31:37","slug":"mariana-ochoa","status":"inherit","type":"attachment","link":"https:\/\/www.diarioimagen.net\/?attachment_id=513742","title":{"rendered":"mariana-ochoa"},"author":1,"featured_media":0,"comment_status":"open","ping_status":"closed","template":"","meta":{"_monsterinsights_skip_tracking":false,"_monsterinsights_sitenote_active":false,"_monsterinsights_sitenote_note":"","_monsterinsights_sitenote_category":0},"class_list":["post-513742","attachment","type-attachment","status-inherit","hentry"],"description":{"rendered":"<p class=\"attachment\"><a href='https:\/\/www.diarioimagen.net\/wp-content\/uploads\/2021\/07\/mariana-ochoa.jpg'><img loading=\"lazy\" decoding=\"async\" width=\"160\" height=\"240\" src=\"https:\/\/www.diarioimagen.net\/wp-content\/uploads\/2021\/07\/mariana-ochoa.jpg\" class=\"attachment-medium size-medium\" alt=\"\" \/><\/a><\/p>\n"},"caption":{"rendered":"<p>A trav\u00e9s de su canal de YouTube, la tambi\u00e9n actriz cont\u00f3 que no estaba enterada completamente de todo lo que se dijo en los medios de comunicaci\u00f3n y las redes sociales en las pasadas semanas, debido a que ella estuvo de vacaciones en M\u00e9rida, Yucat\u00e1n junto con sus dos hijos.<\/p>\n"},"alt_text":"","media_type":"image","mime_type":"image\/jpeg","media_details":{"width":460,"height":690,"file":"2021\/07\/mariana-ochoa.jpg","sizes":{},"image_meta":{"aperture":"0","credit":"","camera":"","caption":"","created_timestamp":"0","copyright":"","focal_length":"0","iso":"0","shutter_speed":"0","title":"","orientation":"0","keywords":[]}},"post":513638,"source_url":"https:\/\/www.diarioimagen.net\/wp-content\/uploads\/2021\/07\/mariana-ochoa.jpg","_links":{"self":[{"href":"https:\/\/www.diarioimagen.net\/index.php?rest_route=\/wp\/v2\/media\/513742","targetHints":{"allow":["GET"]}}],"collection":[{"href":"https:\/\/www.diarioimagen.net\/index.php?rest_route=\/wp\/v2\/media"}],"about":[{"href":"https:\/\/www.diarioimagen.net\/index.php?rest_route=\/wp\/v2\/types\/attachment"}],"author":[{"embeddable":true,"href":"https:\/\/www.diarioimagen.net\/index.php?rest_route=\/wp\/v2\/users\/1"}],"replies":[{"embeddable":true,"href":"https:\/\/www.diarioimagen.net\/index.php?rest_route=%2Fwp%2Fv2%2Fcomments&post=513742"}]}}

<p>A través de su canal de YouTube, la también actriz contó que no estaba enterada completamente de todo lo que se dijo en los medios de comunicación y las redes sociales en las pasadas semanas, debido a que ella estuvo de vacaciones en Mérida, Yucatán junto con sus dos hijos.</p>
