{"id":513874,"date":"2021-07-14T08:43:42","date_gmt":"2021-07-14T13:43:42","guid":{"rendered":"https:\/\/www.diarioimagen.net\/wp-content\/uploads\/2021\/07\/tultepec.jpg"},"modified":"2021-07-14T08:44:05","modified_gmt":"2021-07-14T13:44:05","slug":"tultepec-99","status":"inherit","type":"attachment","link":"https:\/\/www.diarioimagen.net\/?attachment_id=513874","title":{"rendered":"tultepec"},"author":1,"featured_media":0,"comment_status":"open","ping_status":"closed","template":"","meta":{"_monsterinsights_skip_tracking":false,"_monsterinsights_sitenote_active":false,"_monsterinsights_sitenote_note":"","_monsterinsights_sitenote_category":0},"class_list":["post-513874","attachment","type-attachment","status-inherit","hentry"],"description":{"rendered":"<p class=\"attachment\"><a href='https:\/\/www.diarioimagen.net\/wp-content\/uploads\/2021\/07\/tultepec.jpg'><img loading=\"lazy\" decoding=\"async\" width=\"240\" height=\"141\" src=\"https:\/\/www.diarioimagen.net\/wp-content\/uploads\/2021\/07\/tultepec.jpg\" class=\"attachment-medium size-medium\" alt=\"\" \/><\/a><\/p>\n"},"caption":{"rendered":"<p>El alcalde Marco Antonio Cruz Cruz acompa\u00f1ado por integrantes del cabildo y locatarios de San Pablito encabezaron el inicio de la Campa\u00f1a de Reforestaci\u00f3n Municipal 2021.<\/p>\n"},"alt_text":"","media_type":"image","mime_type":"image\/jpeg","media_details":{"width":460,"height":270,"file":"2021\/07\/tultepec.jpg","sizes":{},"image_meta":{"aperture":"0","credit":"","camera":"","caption":"","created_timestamp":"0","copyright":"","focal_length":"0","iso":"0","shutter_speed":"0","title":"","orientation":"0","keywords":[]}},"post":513781,"source_url":"https:\/\/www.diarioimagen.net\/wp-content\/uploads\/2021\/07\/tultepec.jpg","_links":{"self":[{"href":"https:\/\/www.diarioimagen.net\/index.php?rest_route=\/wp\/v2\/media\/513874","targetHints":{"allow":["GET"]}}],"collection":[{"href":"https:\/\/www.diarioimagen.net\/index.php?rest_route=\/wp\/v2\/media"}],"about":[{"href":"https:\/\/www.diarioimagen.net\/index.php?rest_route=\/wp\/v2\/types\/attachment"}],"author":[{"embeddable":true,"href":"https:\/\/www.diarioimagen.net\/index.php?rest_route=\/wp\/v2\/users\/1"}],"replies":[{"embeddable":true,"href":"https:\/\/www.diarioimagen.net\/index.php?rest_route=%2Fwp%2Fv2%2Fcomments&post=513874"}]}}

<p>El alcalde Marco Antonio Cruz Cruz acompañado por integrantes del cabildo y locatarios de San Pablito encabezaron el inicio de la Campaña de Reforestación Municipal 2021.</p>
