{"id":514448,"date":"2021-07-20T06:13:19","date_gmt":"2021-07-20T11:13:19","guid":{"rendered":"https:\/\/www.diarioimagen.net\/wp-content\/uploads\/2021\/07\/uaem-9.jpg"},"modified":"2021-07-20T06:13:26","modified_gmt":"2021-07-20T11:13:26","slug":"uaem-235","status":"inherit","type":"attachment","link":"https:\/\/www.diarioimagen.net\/?attachment_id=514448","title":{"rendered":"uaem"},"author":1,"featured_media":0,"comment_status":"open","ping_status":"closed","template":"","meta":{"_monsterinsights_skip_tracking":false,"_monsterinsights_sitenote_active":false,"_monsterinsights_sitenote_note":"","_monsterinsights_sitenote_category":0},"class_list":["post-514448","attachment","type-attachment","status-inherit","hentry"],"description":{"rendered":"<p class=\"attachment\"><a href='https:\/\/www.diarioimagen.net\/wp-content\/uploads\/2021\/07\/uaem-9.jpg'><img loading=\"lazy\" decoding=\"async\" width=\"240\" height=\"141\" src=\"https:\/\/www.diarioimagen.net\/wp-content\/uploads\/2021\/07\/uaem-9.jpg\" class=\"attachment-medium size-medium\" alt=\"\" \/><\/a><\/p>\n"},"caption":{"rendered":"<p>De acuerdo con la la investigadora de la UAEM, Elva Esther Vargas Mart\u00ednez, se estima que a nivel mundial la recuperaci\u00f3n econ\u00f3mica del sector, ante las p\u00e9rdidas que provoc\u00f3 la pandemia de Covid-19, ser\u00e1 hasta 2024, principalmente en destinos internacionales.<\/p>\n"},"alt_text":"","media_type":"image","mime_type":"image\/jpeg","media_details":{"width":460,"height":270,"file":"2021\/07\/uaem-9.jpg","sizes":{},"image_meta":{"aperture":"0","credit":"","camera":"","caption":"","created_timestamp":"0","copyright":"Lazher","focal_length":"0","iso":"0","shutter_speed":"0","title":"","orientation":"0","keywords":[]}},"post":514386,"source_url":"https:\/\/www.diarioimagen.net\/wp-content\/uploads\/2021\/07\/uaem-9.jpg","_links":{"self":[{"href":"https:\/\/www.diarioimagen.net\/index.php?rest_route=\/wp\/v2\/media\/514448","targetHints":{"allow":["GET"]}}],"collection":[{"href":"https:\/\/www.diarioimagen.net\/index.php?rest_route=\/wp\/v2\/media"}],"about":[{"href":"https:\/\/www.diarioimagen.net\/index.php?rest_route=\/wp\/v2\/types\/attachment"}],"author":[{"embeddable":true,"href":"https:\/\/www.diarioimagen.net\/index.php?rest_route=\/wp\/v2\/users\/1"}],"replies":[{"embeddable":true,"href":"https:\/\/www.diarioimagen.net\/index.php?rest_route=%2Fwp%2Fv2%2Fcomments&post=514448"}]}}

<p>De acuerdo con la la investigadora de la UAEM, Elva Esther Vargas Martínez, se estima que a nivel mundial la recuperación económica del sector, ante las pérdidas que provocó la pandemia de Covid-19, será hasta 2024, principalmente en destinos internacionales.</p>
