{"id":515502,"date":"2021-07-29T08:15:53","date_gmt":"2021-07-29T13:15:53","guid":{"rendered":"https:\/\/www.diarioimagen.net\/wp-content\/uploads\/2021\/07\/dld.jpg"},"modified":"2021-07-29T08:16:01","modified_gmt":"2021-07-29T13:16:01","slug":"dld","status":"inherit","type":"attachment","link":"https:\/\/www.diarioimagen.net\/?attachment_id=515502","title":{"rendered":"dld"},"author":1,"featured_media":0,"comment_status":"open","ping_status":"closed","template":"","meta":{"_monsterinsights_skip_tracking":false,"_monsterinsights_sitenote_active":false,"_monsterinsights_sitenote_note":"","_monsterinsights_sitenote_category":0},"class_list":["post-515502","attachment","type-attachment","status-inherit","hentry"],"description":{"rendered":"<p class=\"attachment\"><a href='https:\/\/www.diarioimagen.net\/wp-content\/uploads\/2021\/07\/dld.jpg'><img loading=\"lazy\" decoding=\"async\" width=\"240\" height=\"141\" src=\"https:\/\/www.diarioimagen.net\/wp-content\/uploads\/2021\/07\/dld.jpg\" class=\"attachment-medium size-medium\" alt=\"\" \/><\/a><\/p>\n"},"caption":{"rendered":"<p>DLD contin\u00faa con una gira que ya reinici\u00f3 y que seguir\u00e1 bajo las normas de sanidad con el af\u00e1n de que la m\u00fasica no pare, pero con la responsabilidad y la preocupaci\u00f3n de seguir cuidando a todos sus fans en los conciertos en vivo bajo cualquier modalidad.<\/p>\n"},"alt_text":"","media_type":"image","mime_type":"image\/jpeg","media_details":{"width":460,"height":270,"file":"2021\/07\/dld.jpg","sizes":{},"image_meta":{"aperture":"0","credit":"","camera":"","caption":"","created_timestamp":"0","copyright":"","focal_length":"0","iso":"0","shutter_speed":"0","title":"","orientation":"0","keywords":[]}},"post":515391,"source_url":"https:\/\/www.diarioimagen.net\/wp-content\/uploads\/2021\/07\/dld.jpg","_links":{"self":[{"href":"https:\/\/www.diarioimagen.net\/index.php?rest_route=\/wp\/v2\/media\/515502","targetHints":{"allow":["GET"]}}],"collection":[{"href":"https:\/\/www.diarioimagen.net\/index.php?rest_route=\/wp\/v2\/media"}],"about":[{"href":"https:\/\/www.diarioimagen.net\/index.php?rest_route=\/wp\/v2\/types\/attachment"}],"author":[{"embeddable":true,"href":"https:\/\/www.diarioimagen.net\/index.php?rest_route=\/wp\/v2\/users\/1"}],"replies":[{"embeddable":true,"href":"https:\/\/www.diarioimagen.net\/index.php?rest_route=%2Fwp%2Fv2%2Fcomments&post=515502"}]}}

<p>DLD continúa con una gira que ya reinició y que seguirá bajo las normas de sanidad con el afán de que la música no pare, pero con la responsabilidad y la preocupación de seguir cuidando a todos sus fans en los conciertos en vivo bajo cualquier modalidad.</p>
