{"id":515857,"date":"2021-08-02T06:12:22","date_gmt":"2021-08-02T11:12:22","guid":{"rendered":"https:\/\/www.diarioimagen.net\/wp-content\/uploads\/2021\/08\/isla-centeno.jpg"},"modified":"2021-08-02T06:12:36","modified_gmt":"2021-08-02T11:12:36","slug":"isla-centeno","status":"inherit","type":"attachment","link":"https:\/\/www.diarioimagen.net\/?attachment_id=515857","title":{"rendered":"isla-centeno"},"author":1,"featured_media":0,"comment_status":"open","ping_status":"closed","template":"","meta":{"_monsterinsights_skip_tracking":false,"_monsterinsights_sitenote_active":false,"_monsterinsights_sitenote_note":"","_monsterinsights_sitenote_category":0},"class_list":["post-515857","attachment","type-attachment","status-inherit","hentry"],"description":{"rendered":"<p class=\"attachment\"><a href='https:\/\/www.diarioimagen.net\/wp-content\/uploads\/2021\/08\/isla-centeno.jpg'><img loading=\"lazy\" decoding=\"async\" width=\"240\" height=\"141\" src=\"https:\/\/www.diarioimagen.net\/wp-content\/uploads\/2021\/08\/isla-centeno.jpg\" class=\"attachment-medium size-medium\" alt=\"\" \/><\/a><\/p>\n"},"caption":{"rendered":"<p>Mar\u00eda Centeno y Lito de La Isla, conforman esta agrupaci\u00f3n, que, sin duda, ya est\u00e1 dando mucho de qu\u00e9 hablar y que se encuentra presentando su nuevo sencillo \u201cSobre el Mar\u201d junto a Dstance.<\/p>\n"},"alt_text":"","media_type":"image","mime_type":"image\/jpeg","media_details":{"width":460,"height":270,"file":"2021\/08\/isla-centeno.jpg","sizes":{},"image_meta":{"aperture":"0","credit":"","camera":"","caption":"","created_timestamp":"0","copyright":"","focal_length":"0","iso":"0","shutter_speed":"0","title":"","orientation":"0","keywords":[]}},"post":515712,"source_url":"https:\/\/www.diarioimagen.net\/wp-content\/uploads\/2021\/08\/isla-centeno.jpg","_links":{"self":[{"href":"https:\/\/www.diarioimagen.net\/index.php?rest_route=\/wp\/v2\/media\/515857","targetHints":{"allow":["GET"]}}],"collection":[{"href":"https:\/\/www.diarioimagen.net\/index.php?rest_route=\/wp\/v2\/media"}],"about":[{"href":"https:\/\/www.diarioimagen.net\/index.php?rest_route=\/wp\/v2\/types\/attachment"}],"author":[{"embeddable":true,"href":"https:\/\/www.diarioimagen.net\/index.php?rest_route=\/wp\/v2\/users\/1"}],"replies":[{"embeddable":true,"href":"https:\/\/www.diarioimagen.net\/index.php?rest_route=%2Fwp%2Fv2%2Fcomments&post=515857"}]}}

<p>María Centeno y Lito de La Isla, conforman esta agrupación, que, sin duda, ya está dando mucho de qué hablar y que se encuentra presentando su nuevo sencillo “Sobre el Mar” junto a Dstance.</p>
