{"id":516289,"date":"2021-08-05T05:49:09","date_gmt":"2021-08-05T10:49:09","guid":{"rendered":"https:\/\/www.diarioimagen.net\/wp-content\/uploads\/2021\/08\/edomex.jpg"},"modified":"2021-08-05T05:49:18","modified_gmt":"2021-08-05T10:49:18","slug":"edomex-83","status":"inherit","type":"attachment","link":"https:\/\/www.diarioimagen.net\/?attachment_id=516289","title":{"rendered":"edomex"},"author":1,"featured_media":0,"comment_status":"open","ping_status":"closed","template":"","meta":{"_monsterinsights_skip_tracking":false,"_monsterinsights_sitenote_active":false,"_monsterinsights_sitenote_note":"","_monsterinsights_sitenote_category":0},"class_list":["post-516289","attachment","type-attachment","status-inherit","hentry"],"description":{"rendered":"<p class=\"attachment\"><a href='https:\/\/www.diarioimagen.net\/wp-content\/uploads\/2021\/08\/edomex.jpg'><img loading=\"lazy\" decoding=\"async\" width=\"240\" height=\"237\" src=\"https:\/\/www.diarioimagen.net\/wp-content\/uploads\/2021\/08\/edomex.jpg\" class=\"attachment-medium size-medium\" alt=\"\" \/><\/a><\/p>\n"},"caption":{"rendered":"<p>En el gobierno de Raciel P\u00e9rez Cruz, en Tlalnepantla, se han utilizado m\u00e1s de 16 mil toneladas de mezcla asf\u00e1ltica para trabajos de bacheo que abarcaron una extensi\u00f3n en 190 mil metros cuadrados en 225 comunidades, a trav\u00e9s de la jornada de bacheo \u201cBacherita\u201d.<\/p>\n"},"alt_text":"","media_type":"image","mime_type":"image\/jpeg","media_details":{"width":460,"height":455,"file":"2021\/08\/edomex.jpg","sizes":{},"image_meta":{"aperture":"0","credit":"","camera":"","caption":"","created_timestamp":"0","copyright":"","focal_length":"0","iso":"0","shutter_speed":"0","title":"","orientation":"0","keywords":[]}},"post":516186,"source_url":"https:\/\/www.diarioimagen.net\/wp-content\/uploads\/2021\/08\/edomex.jpg","_links":{"self":[{"href":"https:\/\/www.diarioimagen.net\/index.php?rest_route=\/wp\/v2\/media\/516289","targetHints":{"allow":["GET"]}}],"collection":[{"href":"https:\/\/www.diarioimagen.net\/index.php?rest_route=\/wp\/v2\/media"}],"about":[{"href":"https:\/\/www.diarioimagen.net\/index.php?rest_route=\/wp\/v2\/types\/attachment"}],"author":[{"embeddable":true,"href":"https:\/\/www.diarioimagen.net\/index.php?rest_route=\/wp\/v2\/users\/1"}],"replies":[{"embeddable":true,"href":"https:\/\/www.diarioimagen.net\/index.php?rest_route=%2Fwp%2Fv2%2Fcomments&post=516289"}]}}

<p>En el gobierno de Raciel Pérez Cruz, en Tlalnepantla, se han utilizado más de 16 mil toneladas de mezcla asfáltica para trabajos de bacheo que abarcaron una extensión en 190 mil metros cuadrados en 225 comunidades, a través de la jornada de bacheo “Bacherita”.</p>
