{"id":517522,"date":"2021-08-17T06:00:24","date_gmt":"2021-08-17T11:00:24","guid":{"rendered":"https:\/\/www.diarioimagen.net\/wp-content\/uploads\/2021\/08\/CIFRAS-1.jpg"},"modified":"2021-08-17T06:01:27","modified_gmt":"2021-08-17T11:01:27","slug":"cifras-10","status":"inherit","type":"attachment","link":"https:\/\/www.diarioimagen.net\/?attachment_id=517522","title":{"rendered":"CIFRAS"},"author":1,"featured_media":0,"comment_status":"open","ping_status":"closed","template":"","meta":{"_monsterinsights_skip_tracking":false,"_monsterinsights_sitenote_active":false,"_monsterinsights_sitenote_note":"","_monsterinsights_sitenote_category":0},"class_list":["post-517522","attachment","type-attachment","status-inherit","hentry"],"description":{"rendered":"<p class=\"attachment\"><a href='https:\/\/www.diarioimagen.net\/wp-content\/uploads\/2021\/08\/CIFRAS-1.jpg'><img loading=\"lazy\" decoding=\"async\" width=\"240\" height=\"141\" src=\"https:\/\/www.diarioimagen.net\/wp-content\/uploads\/2021\/08\/CIFRAS-1.jpg\" class=\"attachment-medium size-medium\" alt=\"\" \/><\/a><\/p>\n"},"caption":{"rendered":"<p>En las \u00faltimas 24 horas, M\u00e9xico contabiliz\u00f3 272 decesos por esta enfermedad, de acuerdo al informe t\u00e9cnico diario.<\/p>\n"},"alt_text":"","media_type":"image","mime_type":"image\/jpeg","media_details":{"width":460,"height":270,"file":"2021\/08\/CIFRAS-1.jpg","sizes":{},"image_meta":{"aperture":"0","credit":"","camera":"","caption":"","created_timestamp":"0","copyright":"","focal_length":"0","iso":"0","shutter_speed":"0","title":"","orientation":"0","keywords":[]}},"post":517493,"source_url":"https:\/\/www.diarioimagen.net\/wp-content\/uploads\/2021\/08\/CIFRAS-1.jpg","_links":{"self":[{"href":"https:\/\/www.diarioimagen.net\/index.php?rest_route=\/wp\/v2\/media\/517522","targetHints":{"allow":["GET"]}}],"collection":[{"href":"https:\/\/www.diarioimagen.net\/index.php?rest_route=\/wp\/v2\/media"}],"about":[{"href":"https:\/\/www.diarioimagen.net\/index.php?rest_route=\/wp\/v2\/types\/attachment"}],"author":[{"embeddable":true,"href":"https:\/\/www.diarioimagen.net\/index.php?rest_route=\/wp\/v2\/users\/1"}],"replies":[{"embeddable":true,"href":"https:\/\/www.diarioimagen.net\/index.php?rest_route=%2Fwp%2Fv2%2Fcomments&post=517522"}]}}

<p>En las últimas 24 horas, México contabilizó 272 decesos por esta enfermedad, de acuerdo al informe técnico diario.</p>
