{"id":517652,"date":"2021-08-18T05:24:42","date_gmt":"2021-08-18T10:24:42","guid":{"rendered":"https:\/\/www.diarioimagen.net\/wp-content\/uploads\/2021\/08\/derecho-10.jpg"},"modified":"2021-08-18T05:25:47","modified_gmt":"2021-08-18T10:25:47","slug":"derecho-266","status":"inherit","type":"attachment","link":"https:\/\/www.diarioimagen.net\/?attachment_id=517652","title":{"rendered":"derecho"},"author":1,"featured_media":0,"comment_status":"open","ping_status":"closed","template":"","meta":{"_monsterinsights_skip_tracking":false,"_monsterinsights_sitenote_active":false,"_monsterinsights_sitenote_note":"","_monsterinsights_sitenote_category":0},"class_list":["post-517652","attachment","type-attachment","status-inherit","hentry"],"description":{"rendered":"<p class=\"attachment\"><a href='https:\/\/www.diarioimagen.net\/wp-content\/uploads\/2021\/08\/derecho-10.jpg'><img loading=\"lazy\" decoding=\"async\" width=\"240\" height=\"141\" src=\"https:\/\/www.diarioimagen.net\/wp-content\/uploads\/2021\/08\/derecho-10.jpg\" class=\"attachment-medium size-medium\" alt=\"\" \/><\/a><\/p>\n"},"caption":{"rendered":"<p>Carlos Joaqu\u00edn encabez\u00f3 ayer la Sesi\u00f3n Extraordinaria del Consejo Estatal de Protecci\u00f3n Civil y Seguimiento del Comit\u00e9 de Atenci\u00f3n al Fen\u00f3meno Hidrometeorol\u00f3gico \u201cGrace\u201d.<\/p>\n"},"alt_text":"","media_type":"image","mime_type":"image\/jpeg","media_details":{"width":460,"height":270,"file":"2021\/08\/derecho-10.jpg","sizes":{},"image_meta":{"aperture":"0","credit":"","camera":"","caption":"","created_timestamp":"0","copyright":"","focal_length":"0","iso":"0","shutter_speed":"0","title":"","orientation":"0","keywords":[]}},"post":517565,"source_url":"https:\/\/www.diarioimagen.net\/wp-content\/uploads\/2021\/08\/derecho-10.jpg","_links":{"self":[{"href":"https:\/\/www.diarioimagen.net\/index.php?rest_route=\/wp\/v2\/media\/517652","targetHints":{"allow":["GET"]}}],"collection":[{"href":"https:\/\/www.diarioimagen.net\/index.php?rest_route=\/wp\/v2\/media"}],"about":[{"href":"https:\/\/www.diarioimagen.net\/index.php?rest_route=\/wp\/v2\/types\/attachment"}],"author":[{"embeddable":true,"href":"https:\/\/www.diarioimagen.net\/index.php?rest_route=\/wp\/v2\/users\/1"}],"replies":[{"embeddable":true,"href":"https:\/\/www.diarioimagen.net\/index.php?rest_route=%2Fwp%2Fv2%2Fcomments&post=517652"}]}}

<p>Carlos Joaquín encabezó ayer la Sesión Extraordinaria del Consejo Estatal de Protección Civil y Seguimiento del Comité de Atención al Fenómeno Hidrometeorológico “Grace”.</p>
