{"id":517680,"date":"2021-08-18T07:22:36","date_gmt":"2021-08-18T12:22:36","guid":{"rendered":"https:\/\/www.diarioimagen.net\/wp-content\/uploads\/2021\/08\/cuautitlan-6.jpg"},"modified":"2021-08-18T07:23:05","modified_gmt":"2021-08-18T12:23:05","slug":"cuautitlan-182","status":"inherit","type":"attachment","link":"https:\/\/www.diarioimagen.net\/?attachment_id=517680","title":{"rendered":"cuautitlan"},"author":1,"featured_media":0,"comment_status":"open","ping_status":"closed","template":"","meta":{"_monsterinsights_skip_tracking":false,"_monsterinsights_sitenote_active":false,"_monsterinsights_sitenote_note":"","_monsterinsights_sitenote_category":0},"class_list":["post-517680","attachment","type-attachment","status-inherit","hentry"],"description":{"rendered":"<p class=\"attachment\"><a href='https:\/\/www.diarioimagen.net\/wp-content\/uploads\/2021\/08\/cuautitlan-6.jpg'><img loading=\"lazy\" decoding=\"async\" width=\"240\" height=\"106\" src=\"https:\/\/www.diarioimagen.net\/wp-content\/uploads\/2021\/08\/cuautitlan-6.jpg\" class=\"attachment-medium size-medium\" alt=\"\" \/><\/a><\/p>\n"},"caption":{"rendered":"<p>El alcalde Ariel Ju\u00e1rez destac\u00f3 que el proyecto de trabajo realizado para la transformaci\u00f3n de Cuautitl\u00e1n permiti\u00f3 mejorar las condiciones de las familias.<\/p>\n"},"alt_text":"","media_type":"image","mime_type":"image\/jpeg","media_details":{"width":460,"height":204,"file":"2021\/08\/cuautitlan-6.jpg","sizes":{},"image_meta":{"aperture":"0","credit":"","camera":"","caption":"","created_timestamp":"0","copyright":"","focal_length":"0","iso":"0","shutter_speed":"0","title":"","orientation":"0","keywords":[]}},"post":517580,"source_url":"https:\/\/www.diarioimagen.net\/wp-content\/uploads\/2021\/08\/cuautitlan-6.jpg","_links":{"self":[{"href":"https:\/\/www.diarioimagen.net\/index.php?rest_route=\/wp\/v2\/media\/517680","targetHints":{"allow":["GET"]}}],"collection":[{"href":"https:\/\/www.diarioimagen.net\/index.php?rest_route=\/wp\/v2\/media"}],"about":[{"href":"https:\/\/www.diarioimagen.net\/index.php?rest_route=\/wp\/v2\/types\/attachment"}],"author":[{"embeddable":true,"href":"https:\/\/www.diarioimagen.net\/index.php?rest_route=\/wp\/v2\/users\/1"}],"replies":[{"embeddable":true,"href":"https:\/\/www.diarioimagen.net\/index.php?rest_route=%2Fwp%2Fv2%2Fcomments&post=517680"}]}}

<p>El alcalde Ariel Juárez destacó que el proyecto de trabajo realizado para la transformación de Cuautitlán permitió mejorar las condiciones de las familias.</p>
