{"id":517921,"date":"2021-08-20T04:16:38","date_gmt":"2021-08-20T09:16:38","guid":{"rendered":"https:\/\/www.diarioimagen.net\/wp-content\/uploads\/2021\/08\/GRACE-01.jpg"},"modified":"2021-08-20T04:16:44","modified_gmt":"2021-08-20T09:16:44","slug":"grace-01","status":"inherit","type":"attachment","link":"https:\/\/www.diarioimagen.net\/?attachment_id=517921","title":{"rendered":"GRACE-01"},"author":1,"featured_media":0,"comment_status":"open","ping_status":"closed","template":"","meta":{"_monsterinsights_skip_tracking":false,"_monsterinsights_sitenote_active":false,"_monsterinsights_sitenote_note":"","_monsterinsights_sitenote_category":0},"class_list":["post-517921","attachment","type-attachment","status-inherit","hentry"],"description":{"rendered":"<p class=\"attachment\"><a href='https:\/\/www.diarioimagen.net\/wp-content\/uploads\/2021\/08\/GRACE-01.jpg'><img loading=\"lazy\" decoding=\"async\" width=\"240\" height=\"141\" src=\"https:\/\/www.diarioimagen.net\/wp-content\/uploads\/2021\/08\/GRACE-01.jpg\" class=\"attachment-medium size-medium\" alt=\"\" \/><\/a><\/p>\n"},"caption":{"rendered":"<p>\u201cGrace\u201d toc\u00f3 tierra a las 04:45 horas del jueves en Tulum, Quintana Roo, con vientos m\u00e1ximos sostenidos de 130 kil\u00f3metros por hora (km\/h) y rachas de 155 km\/h.<\/p>\n"},"alt_text":"","media_type":"image","mime_type":"image\/jpeg","media_details":{"width":460,"height":270,"file":"2021\/08\/GRACE-01.jpg","sizes":{},"image_meta":{"aperture":"0","credit":"","camera":"","caption":"","created_timestamp":"0","copyright":"","focal_length":"0","iso":"0","shutter_speed":"0","title":"","orientation":"0","keywords":[]}},"post":517824,"source_url":"https:\/\/www.diarioimagen.net\/wp-content\/uploads\/2021\/08\/GRACE-01.jpg","_links":{"self":[{"href":"https:\/\/www.diarioimagen.net\/index.php?rest_route=\/wp\/v2\/media\/517921","targetHints":{"allow":["GET"]}}],"collection":[{"href":"https:\/\/www.diarioimagen.net\/index.php?rest_route=\/wp\/v2\/media"}],"about":[{"href":"https:\/\/www.diarioimagen.net\/index.php?rest_route=\/wp\/v2\/types\/attachment"}],"author":[{"embeddable":true,"href":"https:\/\/www.diarioimagen.net\/index.php?rest_route=\/wp\/v2\/users\/1"}],"replies":[{"embeddable":true,"href":"https:\/\/www.diarioimagen.net\/index.php?rest_route=%2Fwp%2Fv2%2Fcomments&post=517921"}]}}

<p>“Grace” tocó tierra a las 04:45 horas del jueves en Tulum, Quintana Roo, con vientos máximos sostenidos de 130 kilómetros por hora (km/h) y rachas de 155 km/h.</p>
