{"id":518376,"date":"2021-08-25T07:05:28","date_gmt":"2021-08-25T12:05:28","guid":{"rendered":"https:\/\/www.diarioimagen.net\/wp-content\/uploads\/2021\/08\/naucalpan-10.jpg"},"modified":"2021-08-25T07:05:33","modified_gmt":"2021-08-25T12:05:33","slug":"naucalpan-248","status":"inherit","type":"attachment","link":"https:\/\/www.diarioimagen.net\/?attachment_id=518376","title":{"rendered":"naucalpan"},"author":1,"featured_media":0,"comment_status":"open","ping_status":"closed","template":"","meta":{"_monsterinsights_skip_tracking":false,"_monsterinsights_sitenote_active":false,"_monsterinsights_sitenote_note":"","_monsterinsights_sitenote_category":0},"class_list":["post-518376","attachment","type-attachment","status-inherit","hentry"],"description":{"rendered":"<p class=\"attachment\"><a href='https:\/\/www.diarioimagen.net\/wp-content\/uploads\/2021\/08\/naucalpan-10.jpg'><img loading=\"lazy\" decoding=\"async\" width=\"240\" height=\"141\" src=\"https:\/\/www.diarioimagen.net\/wp-content\/uploads\/2021\/08\/naucalpan-10.jpg\" class=\"attachment-medium size-medium\" alt=\"\" \/><\/a><\/p>\n"},"caption":{"rendered":"<p>Ricardo Gudi\u00f1o Morales, director general de Oapas Naucalpan, destac\u00f3 que se logr\u00f3 incrementar m\u00e1s de 100 litros por segundo el caudal que la dependencia surte a los habitantes de esta demarcaci\u00f3n.<\/p>\n"},"alt_text":"","media_type":"image","mime_type":"image\/jpeg","media_details":{"width":460,"height":270,"file":"2021\/08\/naucalpan-10.jpg","sizes":{},"image_meta":{"aperture":"0","credit":"","camera":"","caption":"","created_timestamp":"0","copyright":"","focal_length":"0","iso":"0","shutter_speed":"0","title":"","orientation":"0","keywords":[]}},"post":518265,"source_url":"https:\/\/www.diarioimagen.net\/wp-content\/uploads\/2021\/08\/naucalpan-10.jpg","_links":{"self":[{"href":"https:\/\/www.diarioimagen.net\/index.php?rest_route=\/wp\/v2\/media\/518376","targetHints":{"allow":["GET"]}}],"collection":[{"href":"https:\/\/www.diarioimagen.net\/index.php?rest_route=\/wp\/v2\/media"}],"about":[{"href":"https:\/\/www.diarioimagen.net\/index.php?rest_route=\/wp\/v2\/types\/attachment"}],"author":[{"embeddable":true,"href":"https:\/\/www.diarioimagen.net\/index.php?rest_route=\/wp\/v2\/users\/1"}],"replies":[{"embeddable":true,"href":"https:\/\/www.diarioimagen.net\/index.php?rest_route=%2Fwp%2Fv2%2Fcomments&post=518376"}]}}

<p>Ricardo Gudiño Morales, director general de Oapas Naucalpan, destacó que se logró incrementar más de 100 litros por segundo el caudal que la dependencia surte a los habitantes de esta demarcación.</p>
