{"id":518499,"date":"2021-08-26T07:09:07","date_gmt":"2021-08-26T12:09:07","guid":{"rendered":"https:\/\/www.diarioimagen.net\/wp-content\/uploads\/2021\/08\/flora.jpg"},"modified":"2021-08-26T07:09:12","modified_gmt":"2021-08-26T12:09:12","slug":"flora","status":"inherit","type":"attachment","link":"https:\/\/www.diarioimagen.net\/?attachment_id=518499","title":{"rendered":"flora"},"author":1,"featured_media":0,"comment_status":"open","ping_status":"closed","template":"","meta":{"_monsterinsights_skip_tracking":false,"_monsterinsights_sitenote_active":false,"_monsterinsights_sitenote_note":"","_monsterinsights_sitenote_category":0},"class_list":["post-518499","attachment","type-attachment","status-inherit","hentry"],"description":{"rendered":"<p class=\"attachment\"><a href='https:\/\/www.diarioimagen.net\/wp-content\/uploads\/2021\/08\/flora.jpg'><img loading=\"lazy\" decoding=\"async\" width=\"240\" height=\"240\" src=\"https:\/\/www.diarioimagen.net\/wp-content\/uploads\/2021\/08\/flora.jpg\" class=\"attachment-medium size-medium\" alt=\"\" \/><\/a><\/p>\n"},"caption":{"rendered":"<p>La canci\u00f3n escrita por Flora junto a su productor y esposo, Jos\u00e9 Reinoso, pudiera sugerir por su t\u00edtulo que se trata de un bolero, no obstante, el tema se aleja de los bong\u00f3s y las maracas para sorprendernos con una sonoridad chill-electr\u00f3nica-dance en los que ya hab\u00eda navegado en su \u00e1lbum debut titulado Flora (2016).<\/p>\n"},"alt_text":"","media_type":"image","mime_type":"image\/jpeg","media_details":{"width":460,"height":460,"file":"2021\/08\/flora.jpg","sizes":{},"image_meta":{"aperture":"0","credit":"","camera":"","caption":"","created_timestamp":"0","copyright":"","focal_length":"0","iso":"0","shutter_speed":"0","title":"","orientation":"0","keywords":[]}},"post":518416,"source_url":"https:\/\/www.diarioimagen.net\/wp-content\/uploads\/2021\/08\/flora.jpg","_links":{"self":[{"href":"https:\/\/www.diarioimagen.net\/index.php?rest_route=\/wp\/v2\/media\/518499","targetHints":{"allow":["GET"]}}],"collection":[{"href":"https:\/\/www.diarioimagen.net\/index.php?rest_route=\/wp\/v2\/media"}],"about":[{"href":"https:\/\/www.diarioimagen.net\/index.php?rest_route=\/wp\/v2\/types\/attachment"}],"author":[{"embeddable":true,"href":"https:\/\/www.diarioimagen.net\/index.php?rest_route=\/wp\/v2\/users\/1"}],"replies":[{"embeddable":true,"href":"https:\/\/www.diarioimagen.net\/index.php?rest_route=%2Fwp%2Fv2%2Fcomments&post=518499"}]}}

<p>La canción escrita por Flora junto a su productor y esposo, José Reinoso, pudiera sugerir por su título que se trata de un bolero, no obstante, el tema se aleja de los bongós y las maracas para sorprendernos con una sonoridad chill-electrónica-dance en los que ya había navegado en su álbum debut titulado Flora (2016).</p>
