{"id":519242,"date":"2021-09-02T06:11:27","date_gmt":"2021-09-02T11:11:27","guid":{"rendered":"https:\/\/www.diarioimagen.net\/wp-content\/uploads\/2021\/09\/cuautitlan.jpg"},"modified":"2021-09-02T06:15:31","modified_gmt":"2021-09-02T11:15:31","slug":"cuautitlan-189","status":"inherit","type":"attachment","link":"https:\/\/www.diarioimagen.net\/?attachment_id=519242","title":{"rendered":"cuautitlan"},"author":1,"featured_media":0,"comment_status":"open","ping_status":"closed","template":"","meta":{"_monsterinsights_skip_tracking":false,"_monsterinsights_sitenote_active":false,"_monsterinsights_sitenote_note":"","_monsterinsights_sitenote_category":0},"class_list":["post-519242","attachment","type-attachment","status-inherit","hentry"],"description":{"rendered":"<p class=\"attachment\"><a href='https:\/\/www.diarioimagen.net\/wp-content\/uploads\/2021\/09\/cuautitlan.jpg'><img loading=\"lazy\" decoding=\"async\" width=\"240\" height=\"141\" src=\"https:\/\/www.diarioimagen.net\/wp-content\/uploads\/2021\/09\/cuautitlan.jpg\" class=\"attachment-medium size-medium\" alt=\"\" \/><\/a><\/p>\n"},"caption":{"rendered":"<p>Mart\u00edn Sobreyra Pe\u00f1a, representante del gobernador Alfredo Del Mazo tom\u00f3 protesta a Cuauht\u00e9moc Mason Orta como alcalde sustituto de Cuautitl\u00e1n para culminar el periodo 2018-2021.<\/p>\n"},"alt_text":"","media_type":"image","mime_type":"image\/jpeg","media_details":{"width":460,"height":270,"file":"2021\/09\/cuautitlan.jpg","sizes":{},"image_meta":{"aperture":"0","credit":"","camera":"","caption":"","created_timestamp":"0","copyright":"","focal_length":"0","iso":"0","shutter_speed":"0","title":"","orientation":"0","keywords":[]}},"post":519143,"source_url":"https:\/\/www.diarioimagen.net\/wp-content\/uploads\/2021\/09\/cuautitlan.jpg","_links":{"self":[{"href":"https:\/\/www.diarioimagen.net\/index.php?rest_route=\/wp\/v2\/media\/519242","targetHints":{"allow":["GET"]}}],"collection":[{"href":"https:\/\/www.diarioimagen.net\/index.php?rest_route=\/wp\/v2\/media"}],"about":[{"href":"https:\/\/www.diarioimagen.net\/index.php?rest_route=\/wp\/v2\/types\/attachment"}],"author":[{"embeddable":true,"href":"https:\/\/www.diarioimagen.net\/index.php?rest_route=\/wp\/v2\/users\/1"}],"replies":[{"embeddable":true,"href":"https:\/\/www.diarioimagen.net\/index.php?rest_route=%2Fwp%2Fv2%2Fcomments&post=519242"}]}}

<p>Martín Sobreyra Peña, representante del gobernador Alfredo Del Mazo tomó protesta a Cuauhtémoc Mason Orta como alcalde sustituto de Cuautitlán para culminar el periodo 2018-2021.</p>
