{"id":520634,"date":"2021-09-15T04:05:09","date_gmt":"2021-09-15T09:05:09","guid":{"rendered":"https:\/\/www.diarioimagen.net\/wp-content\/uploads\/2021\/09\/CONTAGIOS-A-LA-BAJA.jpg"},"modified":"2021-09-15T04:05:19","modified_gmt":"2021-09-15T09:05:19","slug":"contagios-a-la-baja","status":"inherit","type":"attachment","link":"https:\/\/www.diarioimagen.net\/?attachment_id=520634","title":{"rendered":"CONTAGIOS-A-LA-BAJA"},"author":1,"featured_media":0,"comment_status":"open","ping_status":"closed","template":"","meta":{"_monsterinsights_skip_tracking":false,"_monsterinsights_sitenote_active":false,"_monsterinsights_sitenote_note":"","_monsterinsights_sitenote_category":0},"class_list":["post-520634","attachment","type-attachment","status-inherit","hentry"],"description":{"rendered":"<p class=\"attachment\"><a href='https:\/\/www.diarioimagen.net\/wp-content\/uploads\/2021\/09\/CONTAGIOS-A-LA-BAJA.jpg'><img loading=\"lazy\" decoding=\"async\" width=\"240\" height=\"141\" src=\"https:\/\/www.diarioimagen.net\/wp-content\/uploads\/2021\/09\/CONTAGIOS-A-LA-BAJA.jpg\" class=\"attachment-medium size-medium\" alt=\"\" \/><\/a><\/p>\n"},"caption":{"rendered":"<p>Tras el regreso a clases presenciales, en el pa\u00eds se han registrado 9 mil 941 casos de Covid-19 en menores de edad, inform\u00f3 la Secretar\u00eda de Salud.<\/p>\n"},"alt_text":"","media_type":"image","mime_type":"image\/jpeg","media_details":{"width":460,"height":270,"file":"2021\/09\/CONTAGIOS-A-LA-BAJA.jpg","sizes":{},"image_meta":{"aperture":"0","credit":"","camera":"","caption":"","created_timestamp":"0","copyright":"Daniel Augusto @Cuartoscuro","focal_length":"0","iso":"0","shutter_speed":"0","title":"","orientation":"0","keywords":[]}},"post":520528,"source_url":"https:\/\/www.diarioimagen.net\/wp-content\/uploads\/2021\/09\/CONTAGIOS-A-LA-BAJA.jpg","_links":{"self":[{"href":"https:\/\/www.diarioimagen.net\/index.php?rest_route=\/wp\/v2\/media\/520634","targetHints":{"allow":["GET"]}}],"collection":[{"href":"https:\/\/www.diarioimagen.net\/index.php?rest_route=\/wp\/v2\/media"}],"about":[{"href":"https:\/\/www.diarioimagen.net\/index.php?rest_route=\/wp\/v2\/types\/attachment"}],"author":[{"embeddable":true,"href":"https:\/\/www.diarioimagen.net\/index.php?rest_route=\/wp\/v2\/users\/1"}],"replies":[{"embeddable":true,"href":"https:\/\/www.diarioimagen.net\/index.php?rest_route=%2Fwp%2Fv2%2Fcomments&post=520634"}]}}

<p>Tras el regreso a clases presenciales, en el país se han registrado 9 mil 941 casos de Covid-19 en menores de edad, informó la Secretaría de Salud.</p>
