{"id":521462,"date":"2021-09-22T09:10:02","date_gmt":"2021-09-22T14:10:02","guid":{"rendered":"https:\/\/www.diarioimagen.net\/wp-content\/uploads\/2021\/09\/nicolas-4.jpg"},"modified":"2021-09-22T09:12:24","modified_gmt":"2021-09-22T14:12:24","slug":"nicolas-110","status":"inherit","type":"attachment","link":"https:\/\/www.diarioimagen.net\/?attachment_id=521462","title":{"rendered":"nicolas"},"author":1,"featured_media":0,"comment_status":"open","ping_status":"closed","template":"","meta":{"_monsterinsights_skip_tracking":false,"_monsterinsights_sitenote_active":false,"_monsterinsights_sitenote_note":"","_monsterinsights_sitenote_category":0},"class_list":["post-521462","attachment","type-attachment","status-inherit","hentry"],"description":{"rendered":"<p class=\"attachment\"><a href='https:\/\/www.diarioimagen.net\/wp-content\/uploads\/2021\/09\/nicolas-4.jpg'><img loading=\"lazy\" decoding=\"async\" width=\"240\" height=\"141\" src=\"https:\/\/www.diarioimagen.net\/wp-content\/uploads\/2021\/09\/nicolas-4.jpg\" class=\"attachment-medium size-medium\" alt=\"\" \/><\/a><\/p>\n"},"caption":{"rendered":"<p>En la jornada de vacunaci\u00f3n participaron los gobiernos local, federal y estatal, as\u00ed como las brigadas de j\u00f3venes voluntarios que apoyaron ese proceso, con alto grado de sensibilidad social.<\/p>\n"},"alt_text":"","media_type":"image","mime_type":"image\/jpeg","media_details":{"width":460,"height":270,"file":"2021\/09\/nicolas-4.jpg","sizes":{},"image_meta":{"aperture":"0","credit":"","camera":"","caption":"","created_timestamp":"0","copyright":"","focal_length":"0","iso":"0","shutter_speed":"0","title":"","orientation":"0","keywords":[]}},"post":521338,"source_url":"https:\/\/www.diarioimagen.net\/wp-content\/uploads\/2021\/09\/nicolas-4.jpg","_links":{"self":[{"href":"https:\/\/www.diarioimagen.net\/index.php?rest_route=\/wp\/v2\/media\/521462","targetHints":{"allow":["GET"]}}],"collection":[{"href":"https:\/\/www.diarioimagen.net\/index.php?rest_route=\/wp\/v2\/media"}],"about":[{"href":"https:\/\/www.diarioimagen.net\/index.php?rest_route=\/wp\/v2\/types\/attachment"}],"author":[{"embeddable":true,"href":"https:\/\/www.diarioimagen.net\/index.php?rest_route=\/wp\/v2\/users\/1"}],"replies":[{"embeddable":true,"href":"https:\/\/www.diarioimagen.net\/index.php?rest_route=%2Fwp%2Fv2%2Fcomments&post=521462"}]}}

<p>En la jornada de vacunación participaron los gobiernos local, federal y estatal, así como las brigadas de jóvenes voluntarios que apoyaron ese proceso, con alto grado de sensibilidad social.</p>
