{"id":522408,"date":"2021-09-30T07:17:32","date_gmt":"2021-09-30T12:17:32","guid":{"rendered":"https:\/\/www.diarioimagen.net\/wp-content\/uploads\/2021\/09\/candido-perez.jpg"},"modified":"2021-09-30T07:17:47","modified_gmt":"2021-09-30T12:17:47","slug":"candido-perez","status":"inherit","type":"attachment","link":"https:\/\/www.diarioimagen.net\/?attachment_id=522408","title":{"rendered":"candido-perez"},"author":1,"featured_media":0,"comment_status":"open","ping_status":"closed","template":"","meta":{"_monsterinsights_skip_tracking":false,"_monsterinsights_sitenote_active":false,"_monsterinsights_sitenote_note":"","_monsterinsights_sitenote_category":0},"class_list":["post-522408","attachment","type-attachment","status-inherit","hentry"],"description":{"rendered":"<p class=\"attachment\"><a href='https:\/\/www.diarioimagen.net\/wp-content\/uploads\/2021\/09\/candido-perez.jpg'><img loading=\"lazy\" decoding=\"async\" width=\"164\" height=\"240\" src=\"https:\/\/www.diarioimagen.net\/wp-content\/uploads\/2021\/09\/candido-perez.jpg\" class=\"attachment-medium size-medium\" alt=\"\" \/><\/a><\/p>\n"},"caption":{"rendered":"<p>La nueva versi\u00f3n de \u201cDr. C\u00e1ndido P\u00e9rez\u201d, protagonizado por Arath de la Torre, Ir\u00e1n Castillo, Raquel Garza, Lorena de la Garza, Marcia Couti\u00f1o, David Ramos, Dal\u00ed Gonz\u00e1lez y Ana Paula del Moral, se integra a la barra de comedia \u201cNoche de Buenas\u201d.<\/p>\n"},"alt_text":"","media_type":"image","mime_type":"image\/jpeg","media_details":{"width":460,"height":672,"file":"2021\/09\/candido-perez.jpg","sizes":{},"image_meta":{"aperture":"0","credit":"","camera":"","caption":"","created_timestamp":"0","copyright":"","focal_length":"0","iso":"0","shutter_speed":"0","title":"","orientation":"0","keywords":[]}},"post":522293,"source_url":"https:\/\/www.diarioimagen.net\/wp-content\/uploads\/2021\/09\/candido-perez.jpg","_links":{"self":[{"href":"https:\/\/www.diarioimagen.net\/index.php?rest_route=\/wp\/v2\/media\/522408","targetHints":{"allow":["GET"]}}],"collection":[{"href":"https:\/\/www.diarioimagen.net\/index.php?rest_route=\/wp\/v2\/media"}],"about":[{"href":"https:\/\/www.diarioimagen.net\/index.php?rest_route=\/wp\/v2\/types\/attachment"}],"author":[{"embeddable":true,"href":"https:\/\/www.diarioimagen.net\/index.php?rest_route=\/wp\/v2\/users\/1"}],"replies":[{"embeddable":true,"href":"https:\/\/www.diarioimagen.net\/index.php?rest_route=%2Fwp%2Fv2%2Fcomments&post=522408"}]}}

<p>La nueva versión de “Dr. Cándido Pérez”, protagonizado por Arath de la Torre, Irán Castillo, Raquel Garza, Lorena de la Garza, Marcia Coutiño, David Ramos, Dalí González y Ana Paula del Moral, se integra a la barra de comedia “Noche de Buenas”.</p>
