{"id":522579,"date":"2021-10-01T07:15:02","date_gmt":"2021-10-01T12:15:02","guid":{"rendered":"https:\/\/www.diarioimagen.net\/wp-content\/uploads\/2021\/10\/cuautitlan.jpg"},"modified":"2021-10-01T07:17:14","modified_gmt":"2021-10-01T12:17:14","slug":"cuautitlan-203","status":"inherit","type":"attachment","link":"https:\/\/www.diarioimagen.net\/?attachment_id=522579","title":{"rendered":"cuautitlan"},"author":1,"featured_media":0,"comment_status":"open","ping_status":"closed","template":"","meta":{"_monsterinsights_skip_tracking":false,"_monsterinsights_sitenote_active":false,"_monsterinsights_sitenote_note":"","_monsterinsights_sitenote_category":0},"class_list":["post-522579","attachment","type-attachment","status-inherit","hentry"],"description":{"rendered":"<p class=\"attachment\"><a href='https:\/\/www.diarioimagen.net\/wp-content\/uploads\/2021\/10\/cuautitlan.jpg'><img loading=\"lazy\" decoding=\"async\" width=\"180\" height=\"240\" src=\"https:\/\/www.diarioimagen.net\/wp-content\/uploads\/2021\/10\/cuautitlan.jpg\" class=\"attachment-medium size-medium\" alt=\"\" \/><\/a><\/p>\n"},"caption":{"rendered":"<p>Personas de 18 a 29 a\u00f1os de edad recibir\u00e1n del 1 al 3 de octubre su segunda dosis de la vacuna contra Covid-19, en Cuautitl\u00e1n.<\/p>\n"},"alt_text":"","media_type":"image","mime_type":"image\/jpeg","media_details":{"width":460,"height":613,"file":"2021\/10\/cuautitlan.jpg","sizes":{},"image_meta":{"aperture":"0","credit":"","camera":"","caption":"","created_timestamp":"0","copyright":"","focal_length":"0","iso":"0","shutter_speed":"0","title":"","orientation":"0","keywords":[]}},"post":522476,"source_url":"https:\/\/www.diarioimagen.net\/wp-content\/uploads\/2021\/10\/cuautitlan.jpg","_links":{"self":[{"href":"https:\/\/www.diarioimagen.net\/index.php?rest_route=\/wp\/v2\/media\/522579","targetHints":{"allow":["GET"]}}],"collection":[{"href":"https:\/\/www.diarioimagen.net\/index.php?rest_route=\/wp\/v2\/media"}],"about":[{"href":"https:\/\/www.diarioimagen.net\/index.php?rest_route=\/wp\/v2\/types\/attachment"}],"author":[{"embeddable":true,"href":"https:\/\/www.diarioimagen.net\/index.php?rest_route=\/wp\/v2\/users\/1"}],"replies":[{"embeddable":true,"href":"https:\/\/www.diarioimagen.net\/index.php?rest_route=%2Fwp%2Fv2%2Fcomments&post=522579"}]}}

<p>Personas de 18 a 29 años de edad recibirán del 1 al 3 de octubre su segunda dosis de la vacuna contra Covid-19, en Cuautitlán.</p>
