{"id":527246,"date":"2021-11-15T08:26:09","date_gmt":"2021-11-15T14:26:09","guid":{"rendered":"https:\/\/www.diarioimagen.net\/wp-content\/uploads\/2021\/11\/nicolas-3.jpg"},"modified":"2021-11-15T08:26:18","modified_gmt":"2021-11-15T14:26:18","slug":"nicolas-119","status":"inherit","type":"attachment","link":"https:\/\/www.diarioimagen.net\/?attachment_id=527246","title":{"rendered":"nicolas"},"author":1,"featured_media":0,"comment_status":"open","ping_status":"closed","template":"","meta":{"_monsterinsights_skip_tracking":false,"_monsterinsights_sitenote_active":false,"_monsterinsights_sitenote_note":"","_monsterinsights_sitenote_category":0},"class_list":["post-527246","attachment","type-attachment","status-inherit","hentry"],"description":{"rendered":"<p class=\"attachment\"><a href='https:\/\/www.diarioimagen.net\/wp-content\/uploads\/2021\/11\/nicolas-3.jpg'><img loading=\"lazy\" decoding=\"async\" width=\"240\" height=\"141\" src=\"https:\/\/www.diarioimagen.net\/wp-content\/uploads\/2021\/11\/nicolas-3.jpg\" class=\"attachment-medium size-medium\" alt=\"\" \/><\/a><\/p>\n"},"caption":{"rendered":"<p>El edil nicol\u00e1sromerense Armando Navarrete recibi\u00f3 a nombre de la actual administraci\u00f3n, la distinci\u00f3n que otorga el Instituto Hacendario del Estado de M\u00e9xico.<\/p>\n"},"alt_text":"","media_type":"image","mime_type":"image\/jpeg","media_details":{"width":460,"height":270,"file":"2021\/11\/nicolas-3.jpg","sizes":{},"image_meta":{"aperture":"0","credit":"","camera":"","caption":"","created_timestamp":"0","copyright":"","focal_length":"0","iso":"0","shutter_speed":"0","title":"","orientation":"0","keywords":[]}},"post":527193,"source_url":"https:\/\/www.diarioimagen.net\/wp-content\/uploads\/2021\/11\/nicolas-3.jpg","_links":{"self":[{"href":"https:\/\/www.diarioimagen.net\/index.php?rest_route=\/wp\/v2\/media\/527246","targetHints":{"allow":["GET"]}}],"collection":[{"href":"https:\/\/www.diarioimagen.net\/index.php?rest_route=\/wp\/v2\/media"}],"about":[{"href":"https:\/\/www.diarioimagen.net\/index.php?rest_route=\/wp\/v2\/types\/attachment"}],"author":[{"embeddable":true,"href":"https:\/\/www.diarioimagen.net\/index.php?rest_route=\/wp\/v2\/users\/1"}],"replies":[{"embeddable":true,"href":"https:\/\/www.diarioimagen.net\/index.php?rest_route=%2Fwp%2Fv2%2Fcomments&post=527246"}]}}

<p>El edil nicolásromerense Armando Navarrete recibió a nombre de la actual administración, la distinción que otorga el Instituto Hacendario del Estado de México.</p>
