{"id":528345,"date":"2021-11-25T06:06:55","date_gmt":"2021-11-25T12:06:55","guid":{"rendered":"https:\/\/www.diarioimagen.net\/wp-content\/uploads\/2021\/11\/u5.jpg"},"modified":"2021-11-25T06:07:01","modified_gmt":"2021-11-25T12:07:01","slug":"u5","status":"inherit","type":"attachment","link":"https:\/\/www.diarioimagen.net\/?attachment_id=528345","title":{"rendered":"u5"},"author":1,"featured_media":0,"comment_status":"open","ping_status":"closed","template":"","meta":{"_monsterinsights_skip_tracking":false,"_monsterinsights_sitenote_active":false,"_monsterinsights_sitenote_note":"","_monsterinsights_sitenote_category":0},"class_list":["post-528345","attachment","type-attachment","status-inherit","hentry"],"description":{"rendered":"<p class=\"attachment\"><a href='https:\/\/www.diarioimagen.net\/wp-content\/uploads\/2021\/11\/u5.jpg'><img loading=\"lazy\" decoding=\"async\" width=\"240\" height=\"160\" src=\"https:\/\/www.diarioimagen.net\/wp-content\/uploads\/2021\/11\/u5.jpg\" class=\"attachment-medium size-medium\" alt=\"\" \/><\/a><\/p>\n"},"caption":{"rendered":"<p>El PGD es un instrumento de planeaci\u00f3n con visi\u00f3n al a\u00f1o 2033 y que est\u00e1 basado en 14 l\u00edneas de desarrollo institucional que estructuran las metas para cada a\u00f1o de gesti\u00f3n, apunt\u00f3 el rector Barrera D\u00edaz.<\/p>\n"},"alt_text":"","media_type":"image","mime_type":"image\/jpeg","media_details":{"width":460,"height":307,"file":"2021\/11\/u5.jpg","sizes":{},"image_meta":{"aperture":"0","credit":"","camera":"","caption":"","created_timestamp":"0","copyright":"Lazher","focal_length":"0","iso":"0","shutter_speed":"0","title":"","orientation":"0","keywords":[]}},"post":528257,"source_url":"https:\/\/www.diarioimagen.net\/wp-content\/uploads\/2021\/11\/u5.jpg","_links":{"self":[{"href":"https:\/\/www.diarioimagen.net\/index.php?rest_route=\/wp\/v2\/media\/528345","targetHints":{"allow":["GET"]}}],"collection":[{"href":"https:\/\/www.diarioimagen.net\/index.php?rest_route=\/wp\/v2\/media"}],"about":[{"href":"https:\/\/www.diarioimagen.net\/index.php?rest_route=\/wp\/v2\/types\/attachment"}],"author":[{"embeddable":true,"href":"https:\/\/www.diarioimagen.net\/index.php?rest_route=\/wp\/v2\/users\/1"}],"replies":[{"embeddable":true,"href":"https:\/\/www.diarioimagen.net\/index.php?rest_route=%2Fwp%2Fv2%2Fcomments&post=528345"}]}}

<p>El PGD es un instrumento de planeación con visión al año 2033 y que está basado en 14 líneas de desarrollo institucional que estructuran las metas para cada año de gestión, apuntó el rector Barrera Díaz.</p>
