{"id":529030,"date":"2021-12-02T07:35:47","date_gmt":"2021-12-02T13:35:47","guid":{"rendered":"https:\/\/www.diarioimagen.net\/wp-content\/uploads\/2021\/12\/derecho-1.jpg"},"modified":"2021-12-02T07:35:53","modified_gmt":"2021-12-02T13:35:53","slug":"derecho-335","status":"inherit","type":"attachment","link":"https:\/\/www.diarioimagen.net\/?attachment_id=529030","title":{"rendered":"derecho"},"author":1,"featured_media":0,"comment_status":"open","ping_status":"closed","template":"","meta":{"_monsterinsights_skip_tracking":false,"_monsterinsights_sitenote_active":false,"_monsterinsights_sitenote_note":"","_monsterinsights_sitenote_category":0},"class_list":["post-529030","attachment","type-attachment","status-inherit","hentry"],"description":{"rendered":"<p class=\"attachment\"><a href='https:\/\/www.diarioimagen.net\/wp-content\/uploads\/2021\/12\/derecho-1.jpg'><img loading=\"lazy\" decoding=\"async\" width=\"240\" height=\"141\" src=\"https:\/\/www.diarioimagen.net\/wp-content\/uploads\/2021\/12\/derecho-1.jpg\" class=\"attachment-medium size-medium\" alt=\"\" \/><\/a><\/p>\n"},"caption":{"rendered":"<p>El Comandante de la Guarnici\u00f3n Militar Canc\u00fan, Jos\u00e9 Lu\u00eds Bucio Quiroz, dio el banderazo para el inicio de las actividades del Batall\u00f3n de Seguridad Tur\u00edstica.<\/p>\n"},"alt_text":"","media_type":"image","mime_type":"image\/jpeg","media_details":{"width":460,"height":270,"file":"2021\/12\/derecho-1.jpg","sizes":{},"image_meta":{"aperture":"0","credit":"","camera":"","caption":"","created_timestamp":"0","copyright":"","focal_length":"0","iso":"0","shutter_speed":"0","title":"","orientation":"0","keywords":[]}},"post":528951,"source_url":"https:\/\/www.diarioimagen.net\/wp-content\/uploads\/2021\/12\/derecho-1.jpg","_links":{"self":[{"href":"https:\/\/www.diarioimagen.net\/index.php?rest_route=\/wp\/v2\/media\/529030","targetHints":{"allow":["GET"]}}],"collection":[{"href":"https:\/\/www.diarioimagen.net\/index.php?rest_route=\/wp\/v2\/media"}],"about":[{"href":"https:\/\/www.diarioimagen.net\/index.php?rest_route=\/wp\/v2\/types\/attachment"}],"author":[{"embeddable":true,"href":"https:\/\/www.diarioimagen.net\/index.php?rest_route=\/wp\/v2\/users\/1"}],"replies":[{"embeddable":true,"href":"https:\/\/www.diarioimagen.net\/index.php?rest_route=%2Fwp%2Fv2%2Fcomments&post=529030"}]}}

<p>El Comandante de la Guarnición Militar Cancún, José Luís Bucio Quiroz, dio el banderazo para el inicio de las actividades del Batallón de Seguridad Turística.</p>
