{"id":529251,"date":"2021-12-06T02:53:16","date_gmt":"2021-12-06T08:53:16","guid":{"rendered":"https:\/\/www.diarioimagen.net\/wp-content\/uploads\/2021\/12\/REFUERZO-A-MAYORES-DE-EDAD.jpg"},"modified":"2021-12-06T02:53:26","modified_gmt":"2021-12-06T08:53:26","slug":"refuerzo-a-mayores-de-edad","status":"inherit","type":"attachment","link":"https:\/\/www.diarioimagen.net\/?attachment_id=529251","title":{"rendered":"REFUERZO-A-MAYORES-DE-EDAD"},"author":1,"featured_media":0,"comment_status":"open","ping_status":"closed","template":"","meta":{"_monsterinsights_skip_tracking":false,"_monsterinsights_sitenote_active":false,"_monsterinsights_sitenote_note":"","_monsterinsights_sitenote_category":0},"class_list":["post-529251","attachment","type-attachment","status-inherit","hentry"],"description":{"rendered":"<p class=\"attachment\"><a href='https:\/\/www.diarioimagen.net\/wp-content\/uploads\/2021\/12\/REFUERZO-A-MAYORES-DE-EDAD.jpg'><img loading=\"lazy\" decoding=\"async\" width=\"240\" height=\"141\" src=\"https:\/\/www.diarioimagen.net\/wp-content\/uploads\/2021\/12\/REFUERZO-A-MAYORES-DE-EDAD.jpg\" class=\"attachment-medium size-medium\" alt=\"\" \/><\/a><\/p>\n"},"caption":{"rendered":"<p>Este martes comenzar\u00eda la aplicaci\u00f3n de dosis de refuerzo de la vacuna contra la Covid-19 entre los adultos mayores de 65 a\u00f1os, anunci\u00f3 el presidente Andr\u00e9s Manuel L\u00f3pez Obrador.<\/p>\n"},"alt_text":"","media_type":"image","mime_type":"image\/jpeg","media_details":{"width":460,"height":270,"file":"2021\/12\/REFUERZO-A-MAYORES-DE-EDAD.jpg","sizes":{},"image_meta":{"aperture":"0","credit":"","camera":"","caption":"","created_timestamp":"0","copyright":"","focal_length":"0","iso":"0","shutter_speed":"0","title":"","orientation":"0","keywords":[]}},"post":529250,"source_url":"https:\/\/www.diarioimagen.net\/wp-content\/uploads\/2021\/12\/REFUERZO-A-MAYORES-DE-EDAD.jpg","_links":{"self":[{"href":"https:\/\/www.diarioimagen.net\/index.php?rest_route=\/wp\/v2\/media\/529251","targetHints":{"allow":["GET"]}}],"collection":[{"href":"https:\/\/www.diarioimagen.net\/index.php?rest_route=\/wp\/v2\/media"}],"about":[{"href":"https:\/\/www.diarioimagen.net\/index.php?rest_route=\/wp\/v2\/types\/attachment"}],"author":[{"embeddable":true,"href":"https:\/\/www.diarioimagen.net\/index.php?rest_route=\/wp\/v2\/users\/1"}],"replies":[{"embeddable":true,"href":"https:\/\/www.diarioimagen.net\/index.php?rest_route=%2Fwp%2Fv2%2Fcomments&post=529251"}]}}

<p>Este martes comenzaría la aplicación de dosis de refuerzo de la vacuna contra la Covid-19 entre los adultos mayores de 65 años, anunció el presidente Andrés Manuel López Obrador.</p>
