{"id":529515,"date":"2021-12-07T05:25:29","date_gmt":"2021-12-07T11:25:29","guid":{"rendered":"https:\/\/www.diarioimagen.net\/wp-content\/uploads\/2021\/12\/tribunal-1.jpg"},"modified":"2021-12-07T05:25:50","modified_gmt":"2021-12-07T11:25:50","slug":"tribunal-163","status":"inherit","type":"attachment","link":"https:\/\/www.diarioimagen.net\/?attachment_id=529515","title":{"rendered":"tribunal"},"author":1,"featured_media":0,"comment_status":"open","ping_status":"closed","template":"","meta":{"_monsterinsights_skip_tracking":false,"_monsterinsights_sitenote_active":false,"_monsterinsights_sitenote_note":"","_monsterinsights_sitenote_category":0},"class_list":["post-529515","attachment","type-attachment","status-inherit","hentry"],"description":{"rendered":"<p class=\"attachment\"><a href='https:\/\/www.diarioimagen.net\/wp-content\/uploads\/2021\/12\/tribunal-1.jpg'><img loading=\"lazy\" decoding=\"async\" width=\"240\" height=\"141\" src=\"https:\/\/www.diarioimagen.net\/wp-content\/uploads\/2021\/12\/tribunal-1.jpg\" class=\"attachment-medium size-medium\" alt=\"\" \/><\/a><\/p>\n"},"caption":{"rendered":"<p>Participaron con el magistrado Rafael Guerra \u00c1lvarez, el secretario de Gobierno capitalino, Mart\u00ed Batres Guadarrama; el consejero presidente del Consejo Ciudadano de Seguridad y Procuraci\u00f3n de Justicia, Salvador Guerrero Chipr\u00e9s; la subsecretaria de Desarrollo Institucional de la SSC, Marcela Figueroa Franco, y el jefe del Estado Mayor de la Primera Zona Militar, general brigadier Gregorio Espinoza Toledo.<\/p>\n"},"alt_text":"","media_type":"image","mime_type":"image\/jpeg","media_details":{"width":460,"height":270,"file":"2021\/12\/tribunal-1.jpg","sizes":{},"image_meta":{"aperture":"0","credit":"","camera":"","caption":"","created_timestamp":"0","copyright":"","focal_length":"0","iso":"0","shutter_speed":"0","title":"","orientation":"0","keywords":[]}},"post":529460,"source_url":"https:\/\/www.diarioimagen.net\/wp-content\/uploads\/2021\/12\/tribunal-1.jpg","_links":{"self":[{"href":"https:\/\/www.diarioimagen.net\/index.php?rest_route=\/wp\/v2\/media\/529515","targetHints":{"allow":["GET"]}}],"collection":[{"href":"https:\/\/www.diarioimagen.net\/index.php?rest_route=\/wp\/v2\/media"}],"about":[{"href":"https:\/\/www.diarioimagen.net\/index.php?rest_route=\/wp\/v2\/types\/attachment"}],"author":[{"embeddable":true,"href":"https:\/\/www.diarioimagen.net\/index.php?rest_route=\/wp\/v2\/users\/1"}],"replies":[{"embeddable":true,"href":"https:\/\/www.diarioimagen.net\/index.php?rest_route=%2Fwp%2Fv2%2Fcomments&post=529515"}]}}

<p>Participaron con el magistrado Rafael Guerra Álvarez, el secretario de Gobierno capitalino, Martí Batres Guadarrama; el consejero presidente del Consejo Ciudadano de Seguridad y Procuración de Justicia, Salvador Guerrero Chiprés; la subsecretaria de Desarrollo Institucional de la SSC, Marcela Figueroa Franco, y el jefe del Estado Mayor de la Primera Zona Militar, general brigadier Gregorio Espinoza Toledo.</p>
