{"id":529668,"date":"2021-12-08T05:24:59","date_gmt":"2021-12-08T11:24:59","guid":{"rendered":"https:\/\/www.diarioimagen.net\/wp-content\/uploads\/2021\/12\/uaem-5.jpg"},"modified":"2021-12-08T05:25:08","modified_gmt":"2021-12-08T11:25:08","slug":"uaem-328","status":"inherit","type":"attachment","link":"https:\/\/www.diarioimagen.net\/?attachment_id=529668","title":{"rendered":"uaem"},"author":1,"featured_media":0,"comment_status":"open","ping_status":"closed","template":"","meta":{"_monsterinsights_skip_tracking":false,"_monsterinsights_sitenote_active":false,"_monsterinsights_sitenote_note":"","_monsterinsights_sitenote_category":0},"class_list":["post-529668","attachment","type-attachment","status-inherit","hentry"],"description":{"rendered":"<p class=\"attachment\"><a href='https:\/\/www.diarioimagen.net\/wp-content\/uploads\/2021\/12\/uaem-5.jpg'><img loading=\"lazy\" decoding=\"async\" width=\"240\" height=\"141\" src=\"https:\/\/www.diarioimagen.net\/wp-content\/uploads\/2021\/12\/uaem-5.jpg\" class=\"attachment-medium size-medium\" alt=\"\" \/><\/a><\/p>\n"},"caption":{"rendered":"<p>De acuerdo con el investigador de la UAEM, Miguel \u00c1ngel Karam Calder\u00f3n, la variante \u00d3micron cuenta con diversas mutaciones; sin embargo, es apresurado afirmar que es m\u00e1s contagiosa, letal o que evade la protecci\u00f3n de las vacunas, lo m\u00e1s importante es continuar con las medidas como el lavado de manos y uso correcto de cubrebocas.<\/p>\n"},"alt_text":"","media_type":"image","mime_type":"image\/jpeg","media_details":{"width":460,"height":270,"file":"2021\/12\/uaem-5.jpg","sizes":{},"image_meta":{"aperture":"0","credit":"","camera":"","caption":"","created_timestamp":"0","copyright":"Lazher","focal_length":"0","iso":"0","shutter_speed":"0","title":"","orientation":"0","keywords":[]}},"post":529591,"source_url":"https:\/\/www.diarioimagen.net\/wp-content\/uploads\/2021\/12\/uaem-5.jpg","_links":{"self":[{"href":"https:\/\/www.diarioimagen.net\/index.php?rest_route=\/wp\/v2\/media\/529668","targetHints":{"allow":["GET"]}}],"collection":[{"href":"https:\/\/www.diarioimagen.net\/index.php?rest_route=\/wp\/v2\/media"}],"about":[{"href":"https:\/\/www.diarioimagen.net\/index.php?rest_route=\/wp\/v2\/types\/attachment"}],"author":[{"embeddable":true,"href":"https:\/\/www.diarioimagen.net\/index.php?rest_route=\/wp\/v2\/users\/1"}],"replies":[{"embeddable":true,"href":"https:\/\/www.diarioimagen.net\/index.php?rest_route=%2Fwp%2Fv2%2Fcomments&post=529668"}]}}

<p>De acuerdo con el investigador de la UAEM, Miguel Ángel Karam Calderón, la variante Ómicron cuenta con diversas mutaciones; sin embargo, es apresurado afirmar que es más contagiosa, letal o que evade la protección de las vacunas, lo más importante es continuar con las medidas como el lavado de manos y uso correcto de cubrebocas.</p>
