{"id":529845,"date":"2021-12-09T08:03:53","date_gmt":"2021-12-09T14:03:53","guid":{"rendered":"https:\/\/www.diarioimagen.net\/wp-content\/uploads\/2021\/12\/naucalpan-4.jpg"},"modified":"2021-12-09T08:04:08","modified_gmt":"2021-12-09T14:04:08","slug":"naucalpan-286","status":"inherit","type":"attachment","link":"https:\/\/www.diarioimagen.net\/?attachment_id=529845","title":{"rendered":"naucalpan"},"author":1,"featured_media":0,"comment_status":"open","ping_status":"closed","template":"","meta":{"_monsterinsights_skip_tracking":false,"_monsterinsights_sitenote_active":false,"_monsterinsights_sitenote_note":"","_monsterinsights_sitenote_category":0},"class_list":["post-529845","attachment","type-attachment","status-inherit","hentry"],"description":{"rendered":"<p class=\"attachment\"><a href='https:\/\/www.diarioimagen.net\/wp-content\/uploads\/2021\/12\/naucalpan-4.jpg'><img loading=\"lazy\" decoding=\"async\" width=\"240\" height=\"141\" src=\"https:\/\/www.diarioimagen.net\/wp-content\/uploads\/2021\/12\/naucalpan-4.jpg\" class=\"attachment-medium size-medium\" alt=\"\" \/><\/a><\/p>\n"},"caption":{"rendered":"<p>Durante su toma de protesta, Ang\u00e9lica Moya Mar\u00edn, afirm\u00f3 que Naucalpan volver\u00e1 a ser el municipio emprendedor y vanguardista, trabajando con su gente, con\u00a0los empresarios, formando un\u00a0s\u00f3lo equipo.<\/p>\n"},"alt_text":"","media_type":"image","mime_type":"image\/jpeg","media_details":{"width":460,"height":270,"file":"2021\/12\/naucalpan-4.jpg","sizes":{},"image_meta":{"aperture":"0","credit":"","camera":"","caption":"","created_timestamp":"0","copyright":"","focal_length":"0","iso":"0","shutter_speed":"0","title":"","orientation":"0","keywords":[]}},"post":529746,"source_url":"https:\/\/www.diarioimagen.net\/wp-content\/uploads\/2021\/12\/naucalpan-4.jpg","_links":{"self":[{"href":"https:\/\/www.diarioimagen.net\/index.php?rest_route=\/wp\/v2\/media\/529845","targetHints":{"allow":["GET"]}}],"collection":[{"href":"https:\/\/www.diarioimagen.net\/index.php?rest_route=\/wp\/v2\/media"}],"about":[{"href":"https:\/\/www.diarioimagen.net\/index.php?rest_route=\/wp\/v2\/types\/attachment"}],"author":[{"embeddable":true,"href":"https:\/\/www.diarioimagen.net\/index.php?rest_route=\/wp\/v2\/users\/1"}],"replies":[{"embeddable":true,"href":"https:\/\/www.diarioimagen.net\/index.php?rest_route=%2Fwp%2Fv2%2Fcomments&post=529845"}]}}

<p>Durante su toma de protesta, Angélica Moya Marín, afirmó que Naucalpan volverá a ser el municipio emprendedor y vanguardista, trabajando con su gente, con los empresarios, formando un sólo equipo.</p>
