{"id":529996,"date":"2021-12-10T06:03:38","date_gmt":"2021-12-10T12:03:38","guid":{"rendered":"https:\/\/www.diarioimagen.net\/wp-content\/uploads\/2021\/12\/toma-protesta.jpg"},"modified":"2021-12-10T06:03:51","modified_gmt":"2021-12-10T12:03:51","slug":"toma-protesta","status":"inherit","type":"attachment","link":"https:\/\/www.diarioimagen.net\/?attachment_id=529996","title":{"rendered":"toma-protesta"},"author":1,"featured_media":0,"comment_status":"open","ping_status":"closed","template":"","meta":{"_monsterinsights_skip_tracking":false,"_monsterinsights_sitenote_active":false,"_monsterinsights_sitenote_note":"","_monsterinsights_sitenote_category":0},"class_list":["post-529996","attachment","type-attachment","status-inherit","hentry"],"description":{"rendered":"<p class=\"attachment\"><a href='https:\/\/www.diarioimagen.net\/wp-content\/uploads\/2021\/12\/toma-protesta.jpg'><img loading=\"lazy\" decoding=\"async\" width=\"240\" height=\"141\" src=\"https:\/\/www.diarioimagen.net\/wp-content\/uploads\/2021\/12\/toma-protesta.jpg\" class=\"attachment-medium size-medium\" alt=\"\" \/><\/a><\/p>\n"},"caption":{"rendered":"<p>El edil Marco Antonio Rodr\u00edguez Hurtado, tras rendir protesta, se comprometi\u00f3 a combatir la incidencia delictiva en coordinaci\u00f3n con otras alcald\u00edas, con la Polic\u00eda Intermunicipal.<\/p>\n"},"alt_text":"","media_type":"image","mime_type":"image\/jpeg","media_details":{"width":460,"height":270,"file":"2021\/12\/toma-protesta.jpg","sizes":{},"image_meta":{"aperture":"0","credit":"","camera":"","caption":"","created_timestamp":"0","copyright":"","focal_length":"0","iso":"0","shutter_speed":"0","title":"","orientation":"0","keywords":[]}},"post":529886,"source_url":"https:\/\/www.diarioimagen.net\/wp-content\/uploads\/2021\/12\/toma-protesta.jpg","_links":{"self":[{"href":"https:\/\/www.diarioimagen.net\/index.php?rest_route=\/wp\/v2\/media\/529996","targetHints":{"allow":["GET"]}}],"collection":[{"href":"https:\/\/www.diarioimagen.net\/index.php?rest_route=\/wp\/v2\/media"}],"about":[{"href":"https:\/\/www.diarioimagen.net\/index.php?rest_route=\/wp\/v2\/types\/attachment"}],"author":[{"embeddable":true,"href":"https:\/\/www.diarioimagen.net\/index.php?rest_route=\/wp\/v2\/users\/1"}],"replies":[{"embeddable":true,"href":"https:\/\/www.diarioimagen.net\/index.php?rest_route=%2Fwp%2Fv2%2Fcomments&post=529996"}]}}

<p>El edil Marco Antonio Rodríguez Hurtado, tras rendir protesta, se comprometió a combatir la incidencia delictiva en coordinación con otras alcaldías, con la Policía Intermunicipal.</p>
