{"id":530584,"date":"2021-12-16T07:07:52","date_gmt":"2021-12-16T13:07:52","guid":{"rendered":"https:\/\/www.diarioimagen.net\/wp-content\/uploads\/2021\/12\/KENIA-OS.jpg"},"modified":"2021-12-16T07:08:26","modified_gmt":"2021-12-16T13:08:26","slug":"kenia-os","status":"inherit","type":"attachment","link":"https:\/\/www.diarioimagen.net\/?attachment_id=530584","title":{"rendered":"KENIA-OS"},"author":1,"featured_media":0,"comment_status":"open","ping_status":"closed","template":"","meta":{"_monsterinsights_skip_tracking":false},"class_list":["post-530584","attachment","type-attachment","status-inherit","hentry"],"description":{"rendered":"<p class=\"attachment\"><a href='https:\/\/www.diarioimagen.net\/wp-content\/uploads\/2021\/12\/KENIA-OS.jpg'><img loading=\"lazy\" decoding=\"async\" width=\"240\" height=\"201\" src=\"https:\/\/www.diarioimagen.net\/wp-content\/uploads\/2021\/12\/KENIA-OS.jpg\" class=\"attachment-medium size-medium\" alt=\"\" \/><\/a><\/p>\n"},"caption":{"rendered":"<p>\u201cT\u00fa me pones maaal\u2026\u201d sonar\u00e1 con todas las fuerzas en uno de los lugares m\u00e1s emblem\u00e1ticos de la CDMX, el Teatro Metrop\u00f3litan, el pr\u00f3ximo 25 de marzo de 2022, donde Kenia Os pretende hacer historia al lado de sus amados Keninis.<\/p>\n"},"alt_text":"","media_type":"image","mime_type":"image\/jpeg","media_details":{"width":460,"height":386,"file":"2021\/12\/KENIA-OS.jpg","sizes":{},"image_meta":{"aperture":"0","credit":"","camera":"","caption":"","created_timestamp":"0","copyright":"","focal_length":"0","iso":"0","shutter_speed":"0","title":"","orientation":"0","keywords":[]}},"post":530499,"source_url":"https:\/\/www.diarioimagen.net\/wp-content\/uploads\/2021\/12\/KENIA-OS.jpg","_links":{"self":[{"href":"https:\/\/www.diarioimagen.net\/index.php?rest_route=\/wp\/v2\/media\/530584","targetHints":{"allow":["GET"]}}],"collection":[{"href":"https:\/\/www.diarioimagen.net\/index.php?rest_route=\/wp\/v2\/media"}],"about":[{"href":"https:\/\/www.diarioimagen.net\/index.php?rest_route=\/wp\/v2\/types\/attachment"}],"author":[{"embeddable":true,"href":"https:\/\/www.diarioimagen.net\/index.php?rest_route=\/wp\/v2\/users\/1"}],"replies":[{"embeddable":true,"href":"https:\/\/www.diarioimagen.net\/index.php?rest_route=%2Fwp%2Fv2%2Fcomments&post=530584"}]}}

<p>“Tú me pones maaal…” sonará con todas las fuerzas en uno de los lugares más emblemáticos de la CDMX, el Teatro Metropólitan, el próximo 25 de marzo de 2022, donde Kenia Os pretende hacer historia al lado de sus amados Keninis.</p>
