{"id":530787,"date":"2021-12-17T08:00:02","date_gmt":"2021-12-17T14:00:02","guid":{"rendered":"https:\/\/www.diarioimagen.net\/wp-content\/uploads\/2021\/12\/tlalnepantla-8.jpg"},"modified":"2021-12-17T08:00:06","modified_gmt":"2021-12-17T14:00:06","slug":"tlalnepantla-237","status":"inherit","type":"attachment","link":"https:\/\/www.diarioimagen.net\/?attachment_id=530787","title":{"rendered":"tlalnepantla"},"author":1,"featured_media":0,"comment_status":"open","ping_status":"closed","template":"","meta":{"_monsterinsights_skip_tracking":false,"_monsterinsights_sitenote_active":false,"_monsterinsights_sitenote_note":"","_monsterinsights_sitenote_category":0},"class_list":["post-530787","attachment","type-attachment","status-inherit","hentry"],"description":{"rendered":"<p class=\"attachment\"><a href='https:\/\/www.diarioimagen.net\/wp-content\/uploads\/2021\/12\/tlalnepantla-8.jpg'><img loading=\"lazy\" decoding=\"async\" width=\"240\" height=\"141\" src=\"https:\/\/www.diarioimagen.net\/wp-content\/uploads\/2021\/12\/tlalnepantla-8.jpg\" class=\"attachment-medium size-medium\" alt=\"\" \/><\/a><\/p>\n"},"caption":{"rendered":"<p>La reuni\u00f3n entre vecinos y autoridades de los tres niveles de gobierno estuvo encabezada por el alcalde Raciel P\u00e9rez Cruz y Eduardo Olmos, director de Vinculaci\u00f3n y Gesti\u00f3n de Riesgos de la Coordinaci\u00f3n Nacional de Protecci\u00f3n Civil.<\/p>\n"},"alt_text":"","media_type":"image","mime_type":"image\/jpeg","media_details":{"width":460,"height":270,"file":"2021\/12\/tlalnepantla-8.jpg","sizes":{},"image_meta":{"aperture":"0","credit":"","camera":"","caption":"","created_timestamp":"0","copyright":"","focal_length":"0","iso":"0","shutter_speed":"0","title":"","orientation":"0","keywords":[]}},"post":530621,"source_url":"https:\/\/www.diarioimagen.net\/wp-content\/uploads\/2021\/12\/tlalnepantla-8.jpg","_links":{"self":[{"href":"https:\/\/www.diarioimagen.net\/index.php?rest_route=\/wp\/v2\/media\/530787","targetHints":{"allow":["GET"]}}],"collection":[{"href":"https:\/\/www.diarioimagen.net\/index.php?rest_route=\/wp\/v2\/media"}],"about":[{"href":"https:\/\/www.diarioimagen.net\/index.php?rest_route=\/wp\/v2\/types\/attachment"}],"author":[{"embeddable":true,"href":"https:\/\/www.diarioimagen.net\/index.php?rest_route=\/wp\/v2\/users\/1"}],"replies":[{"embeddable":true,"href":"https:\/\/www.diarioimagen.net\/index.php?rest_route=%2Fwp%2Fv2%2Fcomments&post=530787"}]}}

<p>La reunión entre vecinos y autoridades de los tres niveles de gobierno estuvo encabezada por el alcalde Raciel Pérez Cruz y Eduardo Olmos, director de Vinculación y Gestión de Riesgos de la Coordinación Nacional de Protección Civil.</p>
