{"id":531163,"date":"2022-01-05T04:13:26","date_gmt":"2022-01-05T10:13:26","guid":{"rendered":"https:\/\/www.diarioimagen.net\/wp-content\/uploads\/2022\/01\/vacunamaestrosQR.jpg"},"modified":"2022-01-05T04:13:36","modified_gmt":"2022-01-05T10:13:36","slug":"vacunamaestrosqr","status":"inherit","type":"attachment","link":"https:\/\/www.diarioimagen.net\/?attachment_id=531163","title":{"rendered":"vacunamaestrosQR"},"author":1,"featured_media":0,"comment_status":"open","ping_status":"closed","template":"","meta":{"_monsterinsights_skip_tracking":false,"_monsterinsights_sitenote_active":false,"_monsterinsights_sitenote_note":"","_monsterinsights_sitenote_category":0},"class_list":["post-531163","attachment","type-attachment","status-inherit","hentry"],"description":{"rendered":"<p class=\"attachment\"><a href='https:\/\/www.diarioimagen.net\/wp-content\/uploads\/2022\/01\/vacunamaestrosQR.jpg'><img loading=\"lazy\" decoding=\"async\" width=\"240\" height=\"141\" src=\"https:\/\/www.diarioimagen.net\/wp-content\/uploads\/2022\/01\/vacunamaestrosQR.jpg\" class=\"attachment-medium size-medium\" alt=\"\" \/><\/a><\/p>\n"},"caption":{"rendered":"<p>A partir del pr\u00f3ximo s\u00e1bado el personal docente del pa\u00eds recibir\u00e1 el refuerzo de la vacuna contra la Covid, de Moderna.<\/p>\n"},"alt_text":"","media_type":"image","mime_type":"image\/jpeg","media_details":{"width":460,"height":270,"file":"2022\/01\/vacunamaestrosQR.jpg","sizes":{},"image_meta":{"aperture":"0","credit":"","camera":"","caption":"","created_timestamp":"0","copyright":"","focal_length":"0","iso":"0","shutter_speed":"0","title":"","orientation":"0","keywords":[]}},"post":531075,"source_url":"https:\/\/www.diarioimagen.net\/wp-content\/uploads\/2022\/01\/vacunamaestrosQR.jpg","_links":{"self":[{"href":"https:\/\/www.diarioimagen.net\/index.php?rest_route=\/wp\/v2\/media\/531163","targetHints":{"allow":["GET"]}}],"collection":[{"href":"https:\/\/www.diarioimagen.net\/index.php?rest_route=\/wp\/v2\/media"}],"about":[{"href":"https:\/\/www.diarioimagen.net\/index.php?rest_route=\/wp\/v2\/types\/attachment"}],"author":[{"embeddable":true,"href":"https:\/\/www.diarioimagen.net\/index.php?rest_route=\/wp\/v2\/users\/1"}],"replies":[{"embeddable":true,"href":"https:\/\/www.diarioimagen.net\/index.php?rest_route=%2Fwp%2Fv2%2Fcomments&post=531163"}]}}

<p>A partir del próximo sábado el personal docente del país recibirá el refuerzo de la vacuna contra la Covid, de Moderna.</p>
